{"id":1106,"date":"2016-06-10T15:50:19","date_gmt":"2016-06-10T12:50:19","guid":{"rendered":"http:\/\/www.tiedonrakentajat.fi\/sptl_uudet\/?page_id=1106"},"modified":"2020-05-15T15:11:49","modified_gmt":"2020-05-15T12:11:49","slug":"vok-1-lajiosa-2","status":"publish","type":"page","link":"https:\/\/www.sptl.fi\/sptl_test\/?page_id=1106","title":{"rendered":"VOK 1 lajiosa"},"content":{"rendered":"<p><strong>&nbsp;<\/strong><\/p>\n<p><strong>P\u00d6YT\u00c4TENNIKSEN LAJIOSA<\/strong><\/p>\n<p><strong>VOK-1 TASO<\/strong><\/p>\n<p>P\u00f6yt\u00e4tennisliitto j\u00e4rjest\u00e4\u00e4 valmentaja- ja ohjaajakoulutuksen VOK-1 tason lajiosia.<\/p>\n<p>Tason 1 koulutukseen kuuluu lajiosan lis\u00e4ksi aluej\u00e4rjest\u00f6jen pit\u00e4m\u00e4\u00e4 koulutusta, itsen\u00e4ist\u00e4 ty\u00f6t\u00e4 ja n\u00e4ytt\u00f6. Koulutuksen ohjeellinen kokonaiskesto on 50 tuntia.<\/p>\n<p>Koulutus sopii jo valmennustoiminnassa mukana oleville.&nbsp; T\u00e4m\u00e4 koulutus sopii my\u00f6s ilman valmennuskokemusta oleville, vaikkapa junioripelaajien vanhemmille.<\/p>\n<p>Koulutuksen tavoite:&nbsp;&nbsp;&nbsp;&nbsp;&nbsp;&nbsp;&nbsp;&nbsp;&nbsp;&nbsp; Koulutuksen j\u00e4lkeen valmentajalla on perustaidot yksitt\u00e4isen harjoituskerran vet\u00e4miseen.<\/p>\n<p><strong>VOK 1 sis\u00e4lt\u00f6<\/strong><\/p>\n<p>Varsinainen ensimm\u00e4inen VOK taso on eli VOK 1 on ohjekestoltaan 50 tuntia.<\/p>\n<p>Koulutuksessa k\u00e4yd\u00e4\u00e4n p\u00f6yt\u00e4tennisvalmennuksen eri osa-alueet l\u00e4pi k\u00e4yt\u00e4nn\u00f6nl\u00e4heisesti opettamisen n\u00e4k\u00f6kulmasta ( tekniikka, fysiikka,). Koulutuksen j\u00e4lkeen valmentajalla on kyky ohjata perustekniikka ja h\u00e4n hallitsee perustekniikan opettamisen. Keskeisin opetusmetodi pallolaatikkoharjoittelu tulee kaikille tutuksi.<\/p>\n<p><strong>VOK TASO 1 lajiopinnot<\/strong><\/p>\n<p><strong>yhteens\u00e4 20h \/ SPTL toteuttaa<\/strong><\/p>\n<p>a.P\u00f6yt\u00e4tenniksen perustekniikka<\/p>\n<p>b.Tekniikan opettaminen ja opetusmetodit<\/p>\n<p>c.Harjoitusten suunnittelu ja lajiharjoitteet<\/p>\n<p><strong>Itsen\u00e4isty\u00f6<\/strong><\/p>\n<p>Ohjaajan kanssa sovittava itsen\u00e4isesti teht\u00e4v\u00e4 ty\u00f6 8h<\/p>\n<p><strong>N\u00e4ytt\u00f6teht\u00e4v\u00e4<\/strong><\/p>\n<p>Yksitt\u00e4isen harjoituskerran vet\u00e4minen (ohjaajan tutorointi) 4 h<\/p>\n","protected":false},"excerpt":{"rendered":"<p>&nbsp; P\u00d6YT\u00c4TENNIKSEN LAJIOSA VOK-1 TASO P\u00f6yt\u00e4tennisliitto j\u00e4rjest\u00e4\u00e4 valmentaja- ja ohjaajakoulutuksen VOK-1 tason lajiosia. Tason 1 koulutukseen kuuluu lajiosan lis\u00e4ksi aluej\u00e4rjest\u00f6jen pit\u00e4m\u00e4\u00e4 koulutusta, itsen\u00e4ist\u00e4 ty\u00f6t\u00e4 ja n\u00e4ytt\u00f6. Koulutuksen ohjeellinen kokonaiskesto on 50 tuntia. Koulutus sopii jo valmennustoiminnassa mukana oleville.&nbsp; T\u00e4m\u00e4 koulutus sopii my\u00f6s ilman valmennuskokemusta oleville, vaikkapa junioripelaajien vanhemmille. Koulutuksen tavoite:&nbsp;&nbsp;&nbsp;&nbsp;&nbsp;&nbsp;&nbsp;&nbsp;&nbsp;&nbsp; Koulutuksen j\u00e4lkeen valmentajalla on perustaidot &hellip; <a href=\"https:\/\/www.sptl.fi\/sptl_test\/?page_id=1106\" class=\"more-link\">Jatka lukemista <span class=\"screen-reader-text\">VOK 1 lajiosa<\/span> <span class=\"meta-nav\">&rarr;<\/span><\/a><\/p>\n","protected":false},"author":7,"featured_media":0,"parent":0,"menu_order":0,"comment_status":"closed","ping_status":"closed","template":"","meta":{"ngg_post_thumbnail":0,"footnotes":""},"_links":{"self":[{"href":"https:\/\/www.sptl.fi\/sptl_test\/index.php?rest_route=\/wp\/v2\/pages\/1106"}],"collection":[{"href":"https:\/\/www.sptl.fi\/sptl_test\/index.php?rest_route=\/wp\/v2\/pages"}],"about":[{"href":"https:\/\/www.sptl.fi\/sptl_test\/index.php?rest_route=\/wp\/v2\/types\/page"}],"author":[{"embeddable":true,"href":"https:\/\/www.sptl.fi\/sptl_test\/index.php?rest_route=\/wp\/v2\/users\/7"}],"replies":[{"embeddable":true,"href":"https:\/\/www.sptl.fi\/sptl_test\/index.php?rest_route=%2Fwp%2Fv2%2Fcomments&post=1106"}],"version-history":[{"count":0,"href":"https:\/\/www.sptl.fi\/sptl_test\/index.php?rest_route=\/wp\/v2\/pages\/1106\/revisions"}],"wp:attachment":[{"href":"https:\/\/www.sptl.fi\/sptl_test\/index.php?rest_route=%2Fwp%2Fv2%2Fmedia&parent=1106"}],"curies":[{"name":"wp","href":"https:\/\/api.w.org\/{rel}","templated":true}]}}