{"id":1121,"date":"2016-06-10T16:09:50","date_gmt":"2016-06-10T13:09:50","guid":{"rendered":"http:\/\/www.tiedonrakentajat.fi\/sptl_uudet\/?page_id=1121"},"modified":"2016-06-29T11:56:51","modified_gmt":"2016-06-29T08:56:51","slug":"koulupingis","status":"publish","type":"page","link":"https:\/\/www.sptl.fi\/sptl_test\/?page_id=1121","title":{"rendered":"Koulupingis"},"content":{"rendered":"<p><strong>Pingis kouluissa<\/strong><\/p>\n<p>Kaksi pelaa yhdell\u00e4 p\u00f6yd\u00e4ll\u00e4 ja muut vain odottavat vuoroaan. T\u00e4m\u00e4 on kovin yleinen k\u00e4sitys lajista. N\u00e4in ajateltuna ei ole yll\u00e4tt\u00e4v\u00e4\u00e4, ett\u00e4 moni opettaja ei n\u00e4e lajia kouluihin soveltuvana.<\/p>\n<p>T\u00e4m\u00e4 ei ole kuitenkaan koko kuva lajista. Vinkkej\u00e4 useamman oppilaan liikuttamisesta samaan aikaan l\u00f6ytyy <a href=\"http:\/\/www.mailapelit.fi\/\">mailapelit.fi<\/a> sivustolta. Mailan ja pallon kanssa l\u00f6ytyy suuri joukko teht\u00e4vi\u00e4, joita voi tehd\u00e4 ilman p\u00f6yt\u00e4\u00e4. Harjoitteet ilman p\u00f6yt\u00e4\u00e4 lis\u00e4\u00e4v\u00e4t tehokkaasti v\u00e4lineenhallintataitoja.<\/p>\n<p>Pingis soveltuu liikuntatunneille sek\u00e4 v\u00e4lituntiliikuntaan. V\u00e4litunnit kannattaa koululla jakaa luokittain\/ryhmitt\u00e4in niin, ett\u00e4 yhdell\u00e4 v\u00e4litunnilla on kerralla esim. 6-7 pelaajaa. V\u00e4lituntipelaamisessa hyvi\u00e4 vaihtoehtoja ovat \u201dhallitsijapeli\u201d tai rundis. Kummankin pelin ohjeet l\u00f6yd\u00e4t mailapelimateriaalista.<\/p>\n<p><span style=\"color: #0000ff;\"><u><a href=\"http:\/\/www.mailapelit.fi\/\">www.mailapelit.fi<\/a><\/u><\/span><\/p>\n<p>P\u00f6yt\u00e4tennisliitto tekee mahdollisuuksien mukaan yhdess\u00e4 seurojen kanssa lajiesittelyj\u00e4 kouluilla. Kysymyksiin kouluvierailuista ja koulupingiksest\u00e4 vastaamme mielell\u00e4mme.<\/p>\n<p>Taneli Keinonen<\/p>\n<p>0505285861<\/p>\n<p>info@sptl.fi<\/p>\n","protected":false},"excerpt":{"rendered":"<p>Pingis kouluissa Kaksi pelaa yhdell\u00e4 p\u00f6yd\u00e4ll\u00e4 ja muut vain odottavat vuoroaan. T\u00e4m\u00e4 on kovin yleinen k\u00e4sitys lajista. N\u00e4in ajateltuna ei ole yll\u00e4tt\u00e4v\u00e4\u00e4, ett\u00e4 moni opettaja ei n\u00e4e lajia kouluihin soveltuvana. T\u00e4m\u00e4 ei ole kuitenkaan koko kuva lajista. Vinkkej\u00e4 useamman oppilaan liikuttamisesta samaan aikaan l\u00f6ytyy mailapelit.fi sivustolta. Mailan ja pallon kanssa l\u00f6ytyy suuri joukko teht\u00e4vi\u00e4, joita &hellip; <a href=\"https:\/\/www.sptl.fi\/sptl_test\/?page_id=1121\" class=\"more-link\">Jatka lukemista <span class=\"screen-reader-text\">Koulupingis<\/span> <span class=\"meta-nav\">&rarr;<\/span><\/a><\/p>\n","protected":false},"author":7,"featured_media":0,"parent":0,"menu_order":0,"comment_status":"closed","ping_status":"closed","template":"","meta":{"ngg_post_thumbnail":0,"footnotes":""},"_links":{"self":[{"href":"https:\/\/www.sptl.fi\/sptl_test\/index.php?rest_route=\/wp\/v2\/pages\/1121"}],"collection":[{"href":"https:\/\/www.sptl.fi\/sptl_test\/index.php?rest_route=\/wp\/v2\/pages"}],"about":[{"href":"https:\/\/www.sptl.fi\/sptl_test\/index.php?rest_route=\/wp\/v2\/types\/page"}],"author":[{"embeddable":true,"href":"https:\/\/www.sptl.fi\/sptl_test\/index.php?rest_route=\/wp\/v2\/users\/7"}],"replies":[{"embeddable":true,"href":"https:\/\/www.sptl.fi\/sptl_test\/index.php?rest_route=%2Fwp%2Fv2%2Fcomments&post=1121"}],"version-history":[{"count":0,"href":"https:\/\/www.sptl.fi\/sptl_test\/index.php?rest_route=\/wp\/v2\/pages\/1121\/revisions"}],"wp:attachment":[{"href":"https:\/\/www.sptl.fi\/sptl_test\/index.php?rest_route=%2Fwp%2Fv2%2Fmedia&parent=1121"}],"curies":[{"name":"wp","href":"https:\/\/api.w.org\/{rel}","templated":true}]}}