{"id":25282,"date":"2021-02-02T11:27:34","date_gmt":"2021-02-02T09:27:34","guid":{"rendered":"https:\/\/www.sptl.fi\/sptl_test\/?page_id=25282"},"modified":"2023-11-19T09:49:30","modified_gmt":"2023-11-19T07:49:30","slug":"poytatennisrahasto","status":"publish","type":"page","link":"https:\/\/www.sptl.fi\/sptl_test\/?page_id=25282","title":{"rendered":"P\u00f6yt\u00e4tennisrahasto"},"content":{"rendered":"<p><strong>P\u00d6YT\u00c4TENNISRAHASTO<\/strong><\/p>\n<p>P\u00f6yt\u00e4tennisrahaston tarkoituksena on tukea p\u00f6yt\u00e4tenniksen suomalaista juniori- ja maajoukkuevalmennusta jakamalla apurahoja tai edist\u00e4m\u00e4ll\u00e4 t\u00e4t\u00e4 toimintaa muilla k\u00e4ytt\u00f6tarkoitukseen sopivilla tavoilla. Apurahoja jaetaan rahaston tuotoista.<\/p>\n<p>SPTL on sijoittanut rahaston perusp\u00e4\u00e4omaksi 50 000 \u20ac. Ensimm\u00e4iset apurahat jaettiin 2022.<\/p>\n<p>SPTL:n hallituksen vuosiksi 2023-24 nime\u00e4m\u00e4\u00e4n rahaston johtokuntaan kuuluvat Antti M\u00e4kinen (varapuheenjohtaja), Kari Kuusiniemi sek\u00e4 liittohallituksen edustajana Matti Kurvinen. S\u00e4\u00e4nt\u00f6jen mukaan my\u00f6s liiton toiminnanjohtaja Henri Pelkonen\u00a0 ja puheenjohtaja Esko Heikkinen istuvat johtokunnassa, j\u00e4lkimm\u00e4inen puheenjohtajana.<\/p>\n<p>P\u00f6yt\u00e4tennisrahasto on kaikkien p\u00f6yt\u00e4tennisihmisten asia! Kuka tahansa meist\u00e4 voi harkita itselleen sopivan lahjoituksen tekemist\u00e4 hyv\u00e4n asian vuoksi. Esimerkiksi py\u00f6reit\u00e4 t\u00e4ytt\u00e4ess\u00e4\u00e4n voi pyyt\u00e4\u00e4 lahjoituksia rahastoon.<\/p>\n<p>P\u00f6yt\u00e4tennisrahaston tilinumero on FI11 5716 9020 0181 28.<\/p>\n<p><strong>KERTALAHJOITUS <\/strong><\/p>\n<ul>\n<li>Valitse haluamasi summa ja siirr\u00e4 se rahaston tilille.<\/li>\n<li>Kirjoita viestikentt\u00e4\u00e4n mahdolliset toivomuksesi.<\/li>\n<\/ul>\n<p><strong>JUHLA- TAI MUISTOKER\u00c4YS<\/strong><\/p>\n<ul>\n<li>Kerro l\u00e4heisillesi yll\u00e4 oleva rahaston tilinumero.<\/li>\n<li>Pyyd\u00e4 heit\u00e4 kirjoittamaan tilisiirtoon viesti, esimerkiksi \u201dEtunimi Sukunimi 50 vuotta\u201d tai \u201dEtunimi Sukunimi muistolle\u201d.<\/li>\n<li>Jos haluat tiet\u00e4\u00e4 ker\u00e4yksen tuoton tai sinulla on ker\u00e4tyn rahan k\u00e4ytt\u00f6\u00f6n liittyv\u00e4 toivomus, l\u00e4het\u00e4 s\u00e4hk\u00f6postia osoitteeseen henri.pelkonen@sptl.fi.<\/li>\n<\/ul>\n<p><strong>SUURLAHJOITUS TAI TESTAMENTTI <\/strong><\/p>\n<ul>\n<li>Mieti, mit\u00e4 haluat lahjoittaa tai testamentata.<\/li>\n<li>Ota yhteytt\u00e4 toiminnanjohtaja Henri Pelkoseen, henri.pelkonen@sptl.fi, puhelin 040 537 1449.<\/li>\n<\/ul>\n<h4><strong><a href=\"https:\/\/www.sptl.fi\/sptl_test\/wp-content\/uploads\/Pingisrahasto-saannot.pdf\" target=\"_blank\" rel=\"noopener noreferrer\">P\u00f6yt\u00e4tennisrahaston s\u00e4\u00e4nn\u00f6t<\/a><\/strong><\/h4>\n<p>&nbsp;<\/p>\n<p>&nbsp;<\/p>\n<p>&nbsp;<\/p>\n<p>&nbsp;<\/p>\n<p>&nbsp;<\/p>\n","protected":false},"excerpt":{"rendered":"<p>P\u00d6YT\u00c4TENNISRAHASTO P\u00f6yt\u00e4tennisrahaston tarkoituksena on tukea p\u00f6yt\u00e4tenniksen suomalaista juniori- ja maajoukkuevalmennusta jakamalla apurahoja tai edist\u00e4m\u00e4ll\u00e4 t\u00e4t\u00e4 toimintaa muilla k\u00e4ytt\u00f6tarkoitukseen sopivilla tavoilla. Apurahoja jaetaan rahaston tuotoista. SPTL on sijoittanut rahaston perusp\u00e4\u00e4omaksi 50 000 \u20ac. Ensimm\u00e4iset apurahat jaettiin 2022. SPTL:n hallituksen vuosiksi 2023-24 nime\u00e4m\u00e4\u00e4n rahaston johtokuntaan kuuluvat Antti M\u00e4kinen (varapuheenjohtaja), Kari Kuusiniemi sek\u00e4 liittohallituksen edustajana Matti Kurvinen. S\u00e4\u00e4nt\u00f6jen &hellip; <a href=\"https:\/\/www.sptl.fi\/sptl_test\/?page_id=25282\" class=\"more-link\">Jatka lukemista <span class=\"screen-reader-text\">P\u00f6yt\u00e4tennisrahasto<\/span> <span class=\"meta-nav\">&rarr;<\/span><\/a><\/p>\n","protected":false},"author":7,"featured_media":0,"parent":0,"menu_order":0,"comment_status":"closed","ping_status":"closed","template":"","meta":{"ngg_post_thumbnail":0,"footnotes":""},"_links":{"self":[{"href":"https:\/\/www.sptl.fi\/sptl_test\/index.php?rest_route=\/wp\/v2\/pages\/25282"}],"collection":[{"href":"https:\/\/www.sptl.fi\/sptl_test\/index.php?rest_route=\/wp\/v2\/pages"}],"about":[{"href":"https:\/\/www.sptl.fi\/sptl_test\/index.php?rest_route=\/wp\/v2\/types\/page"}],"author":[{"embeddable":true,"href":"https:\/\/www.sptl.fi\/sptl_test\/index.php?rest_route=\/wp\/v2\/users\/7"}],"replies":[{"embeddable":true,"href":"https:\/\/www.sptl.fi\/sptl_test\/index.php?rest_route=%2Fwp%2Fv2%2Fcomments&post=25282"}],"version-history":[{"count":0,"href":"https:\/\/www.sptl.fi\/sptl_test\/index.php?rest_route=\/wp\/v2\/pages\/25282\/revisions"}],"wp:attachment":[{"href":"https:\/\/www.sptl.fi\/sptl_test\/index.php?rest_route=%2Fwp%2Fv2%2Fmedia&parent=25282"}],"curies":[{"name":"wp","href":"https:\/\/api.w.org\/{rel}","templated":true}]}}