{"id":33370,"date":"2022-06-08T13:07:07","date_gmt":"2022-06-08T10:07:07","guid":{"rendered":"https:\/\/www.sptl.fi\/sptl_test\/?page_id=33370"},"modified":"2022-06-08T13:16:32","modified_gmt":"2022-06-08T10:16:32","slug":"suomen-poytatennisliiton-kilpailumanipulaation-ja-vilpin-vastaisen-toiminnan-ohjelma","status":"publish","type":"page","link":"https:\/\/www.sptl.fi\/sptl_test\/?page_id=33370","title":{"rendered":"Suomen P\u00f6yt\u00e4tennisliiton kilpailumanipulaation ja vilpin vastaisen toiminnan ohjelma"},"content":{"rendered":"<p>&nbsp;<\/p>\n<h4><strong>Ohjelman arvoperusta ja tavoitteet<\/strong><\/h4>\n<p>Suomen P\u00f6yt\u00e4tennisliitto ry (SPTL) pyrkii ottamaan huomioon kaikessa toiminnassaan urheilussa ja muussa yhteiskunnassa yleisesti hyv\u00e4ksytyt eettiset ja moraaliset periaatteet ja linjaukset. Suomen P\u00f6yt\u00e4tennisliitto on sitoutunut kilpailumanipulaation vastaiseen ty\u00f6h\u00f6n sek\u00e4 noudattamaan Reilun Pelin periaatteita.<\/p>\n<p>P\u00f6yt\u00e4tennisliitto haluaa taata kaikille j\u00e4senilleen mahdollisuuden reiluun liikuntaan ja urheiluun. Omalla toiminnallaan liitto haluaa varmistaa, ettei kilpailumanipulaatio saa lajissa jalansijaa. Liiton kilpailutoimintaan osallistuvat pelaajat ovat lisenssin hankkimalla sitoutuneet noudattamaan kaikkia liiton sek\u00e4 Suomen urheilun eettinen keskuksen kulloinkin voimassa olevia s\u00e4\u00e4nt\u00f6j\u00e4 ja m\u00e4\u00e4r\u00e4yksi\u00e4.<\/p>\n<p>Koulutuksella, viestinn\u00e4ll\u00e4, s\u00e4\u00e4nn\u00f6st\u00f6ll\u00e4 ja sopimuksilla sitoutetaan seurat, pelaajat ja valmentajat ohjelmaan. N\u00e4in v\u00e4ltyt\u00e4\u00e4n my\u00f6s tahattomilta virheilt\u00e4.<\/p>\n<h4>&nbsp;<\/h4>\n<h4><strong>Kilpailumanipulaatio<\/strong><\/h4>\n<p>Kilpailumanipulaatiolla tarkoitetaan sit\u00e4, kun urheilija tai urheilutoimija huijaa poistaakseen ennalta arvaamattomuuden kilpailusta. Huijaaminen voidaan toteuttaa esimerkiksi kilpailun tai sen osan h\u00e4vi\u00e4misell\u00e4. Kilpailumanipulaatiota voi tapahtua miss\u00e4 tahansa lajissa ja miss\u00e4 tahansa maassa. Kilpailumanipulaatio on vastoin Reilun Pelin ihanteita, jotka ovat Suomen P\u00f6yt\u00e4tennisliiton toiminnan perustana. P\u00f6yt\u00e4tennisliitto on sitoutunut edist\u00e4m\u00e4\u00e4n puhdasta urheilua ja toimimaan urheilumanipulaatiota vastaan. Liiton kilpailum\u00e4\u00e4r\u00e4ysten mukainen eettinen l\u00e4ht\u00f6kohta on, ett\u00e4 seurat, joukkueet ja pelaajat pyrkiv\u00e4t kilpailutilanteessa parhaaseen mahdolliseen suoritukseen.<\/p>\n<p>Kilpailumanipulointi ei rajoitu vain kilpailujen lopputuloksen j\u00e4rjest\u00e4miseen vaan manipulointia voi tapahtua my\u00f6s kilpailutapahtuman sis\u00e4ll\u00e4 tapahtuvista asioista, kuten esimerkiksi voitetuista erist\u00e4. N\u00e4m\u00e4 eiv\u00e4t vaikuta v\u00e4ltt\u00e4m\u00e4tt\u00e4 lopulliseen lopputulokseen, mutta niiden j\u00e4rjestely on helpompaa kuin lopputuloksen j\u00e4rjest\u00e4minen.<\/p>\n<p>Kilpailutuloksia manipuloidaan muun muassa tarkoituksena voittaa rahaa vedonly\u00f6nnist\u00e4. Kansainv\u00e4lisesti organisoituneella tulosten manipuloinnilla pyrit\u00e4\u00e4n usein pesem\u00e4\u00e4n rikollinen raha puhtaaksi. T\u00e4ll\u00f6in rikollisille riitt\u00e4\u00e4 pienikin voittokerroin tai jopa jossain m\u00e4\u00e4rin tappiollinen vedonly\u00f6nti tavoitteiden saavuttamiseen. Suomen P\u00f6yt\u00e4tennisliiton j\u00e4senseurojen tulee koulutuksen ja valistuksen kautta pyrki\u00e4 ennaltaehk\u00e4isem\u00e4\u00e4n kilpailutapahtumiin liittyv\u00e4 manipulointi. Toimiva rangaistusj\u00e4rjestelm\u00e4 toimii my\u00f6s ennalta ehk\u00e4isev\u00e4sti tulevaisuutta ajatellen.<\/p>\n<p>Kansainv\u00e4linen P\u00f6yt\u00e4tennisliitto (ITTF) vastaa kansainv\u00e4listen ottelutapahtumien organisoinnista. J\u00e4rjest\u00f6 vastaa my\u00f6s n\u00e4iden tapahtumien osalta rangaistuksista kilpailumanipulaatioon syyllistyneille.<\/p>\n<p>P\u00f6yt\u00e4tennisliiton hallitus m\u00e4\u00e4ritt\u00e4\u00e4 kilpailumanipulaatioon liittyviin asioihin oman vastuuhenkil\u00f6n. Kotimaisten tapahtumien kilpailumanipulaation riskitekij\u00f6iden tilannekuva on SUEKilla tehdyn itsearvion perusteella matala mutta mahdolliset manipulaatiot ovat toiminnassa aina mahdollisia.<\/p>\n<h4>&nbsp;<\/h4>\n<h4><strong>Kilpailumanipulaation ennaltaehk\u00e4isev\u00e4t toimenpiteet<\/strong>:<\/h4>\n<p><strong>Valmentajakoulutus<\/strong><\/p>\n<p>Kilpailumanipulaatiokoulutusta j\u00e4rjestet\u00e4\u00e4n valmentajakoulutusten yhteydess\u00e4. Vastuuhenkil\u00f6n\u00e4 toimii liiton valmentajakoulutuksista kulloinkin vastaava henkil\u00f6. Koulutus j\u00e4rjestet\u00e4\u00e4n valmentajakoulutuksen tasosta riippuen verkkokoulutuksena, SUEK:in j\u00e4rjest\u00e4m\u00e4n\u00e4 tai liiton erikseen nime\u00e4m\u00e4n kouluttajan toteuttamana h\u00e4nen k\u00e4yty\u00e4\u00e4n SUEKin koulutuksen. Tavoitteena on, ett\u00e4 koulutuksen l\u00e4pi k\u00e4yneill\u00e4 valmentajilla on valmius kilpailumanipulaation tunnistamiseen ja siihen puuttumiseen. Valmentajien kautta tieto siirtyy urheilijoille.<\/p>\n<p><strong>Maajoukkuetoiminta ja muu huippu-urheilu<\/strong><\/p>\n<p>Maajoukkueiden toiminnassa jaetaan kilpailumanipulaatiosta tietoa pelaajille. Leiritysten ja muiden maajoukkuetapahtumien yhteydess\u00e4 kutsutaan tarpeen mukaan SUEK:n asiantuntija\/kouluttaja kertomaan ajankohtaisista asioista. ILMO- palvelusta sek\u00e4 Reilusti paras- verkkokoulutuksesta laitetaan linkit liiton sivuille.<\/p>\n<p>Verkkokoulutuksiin osallistumiseen kannustetaan kaikkia lajin parissa toimivia henkil\u00f6it\u00e4.<\/p>\n<p><strong>Tuomarit<\/strong><\/p>\n<p>Tuomarikoulutusten yhteydess\u00e4 k\u00e4yd\u00e4\u00e4n l\u00e4pi kilpailumanipulaatioon liittyvi\u00e4 asioita sek\u00e4 kerrotaan aiheeseen liittyvist\u00e4 verkkokoulutusmahdollisuuksista. Kansainv\u00e4listen tapahtumien tuomariteht\u00e4viss\u00e4 toimivat saavat koulutusta my\u00f6s kansainv\u00e4lisen liiton kautta.<\/p>\n<p><strong>Muut kohderyhm\u00e4t (j\u00e4rjest\u00f6n henkil\u00f6kunta, j\u00e4senseurat, luottamushenkil\u00f6t)<\/strong><\/p>\n<p>Henkil\u00f6kunnalle, luottamushenkil\u00f6ille sek\u00e4 j\u00e4senseurojen j\u00e4senist\u00f6lle suositellaan verkkokoulutuksen suorittamista.<\/p>\n<p><strong>Muuta ennaltaehk\u00e4isyyn liittyv\u00e4\u00e4:<\/strong><\/p>\n<ul>\n<li>P\u00f6yt\u00e4tennisliitto on tehnyt SUEKin kilpailumanipulaation tilannekuva-arvion lajiin liittyen<\/li>\n<li>Kaikkea Suomen P\u00f6yt\u00e4tennisliiton alaista toimintaa ohjaavat Reilun Pelin periaatteet<\/li>\n<li>Kilpailuihin osallistuvien on aina pyritt\u00e4v\u00e4 urheilullisesti parhaaseen lopputulokseen.<\/li>\n<li>Urheilutoimijat, jotka toiminnallaan voivat vaikuttaa urheilutapahtuman lopputulokseen, eiv\u00e4t saa ly\u00f6d\u00e4 vetoa kyseisest\u00e4 tapahtumasta. My\u00f6s v\u00e4lik\u00e4sien, kuten l\u00e4hisukulaisten tai l\u00e4hipiirin k\u00e4ytt\u00f6 on kielletty. Urheilutoimijoiksi katsotaan j\u00e4senj\u00e4rjest\u00f6n tai sen seuran urheilijat, valmentajat, huoltajat, seurajohtoon kuuluvat henkil\u00f6t, seuran l\u00e4\u00e4kint\u00e4henkil\u00f6st\u00f6, muut seuran kanssa kiinte\u00e4sti tekemisiss\u00e4 olevat henkil\u00f6t kuten seuran j\u00e4senet sek\u00e4 kilpailujen erotuomarit ja toimitsijat.<\/li>\n<li>Urheilutoimijaa velvoittaa tiedonantovelvollisuus sellaisista yhteydenotoista, joissa rahaa tai muita etuuksia tarjoamalla pyrit\u00e4\u00e4n vaikuttamaan ottelun lopputulokseen.<\/li>\n<li>Urheilutoimija ei saa antaa esimerkiksi seuran pelaajaa koskevaa tietoa seuran ulkopuoliselle taholle, jos tieto ei ole yleisesti saatavilla tai sit\u00e4 ei ole tarkoitus saattaa yleisesti saatavaksi ja jos tiedolla on tai saattaa olla merkityst\u00e4 laittoman vedonly\u00f6ntipelaamisen kannalta.<\/li>\n<li>Mik\u00e4li on syntynyt ep\u00e4ily kilpailutapahtuman manipuloinnista, on ep\u00e4ilys saatettava my\u00f6s itse tapahtumaan osallistuvien urheilutoimijoiden sek\u00e4 tuomarien tietoon. \u00c4\u00e4rimm\u00e4isess\u00e4 tapauksessa harkitaan koko kilpailutapahtuman peruuttamista.<\/li>\n<li>Ep\u00e4ilyksen alainen kilpailutapahtuma otetaan erityistarkkailuun, jolloin on kiinnitett\u00e4v\u00e4 erityishuomiota kaikkeen normaalista kilpailutapahtumasta poikkeavaan k\u00e4yt\u00f6kseen. Tapahtuman j\u00e4lkeen haastatellaan keskeiset urheilutoimijat ja erotuomarit sek\u00e4 harkitaan jatkotoimia, kuten tapauksen saattamista viranomaisten tutkintaan.<\/li>\n<li>SPTL:n kilpailum\u00e4\u00e4r\u00e4yksiss\u00e4 (3.6.4.1) ns. asianosaisten vedonly\u00f6nti on kielletty rangaistuksen uhalla.<\/li>\n<li>Liittohallitus voi rangaista j\u00e4senseuraansa tai sen j\u00e4sent\u00e4, joka ei noudata liiton s\u00e4\u00e4nt\u00f6j\u00e4 tai liiton toimielinten p\u00e4\u00e4t\u00f6ksi\u00e4 tai m\u00e4\u00e4r\u00e4yksi\u00e4 tai j\u00e4tt\u00e4\u00e4 hoitamatta velvoitteet, joihin se on liittoon liittym\u00e4ll\u00e4 sitoutunut, tai muulla tavoin toimii liiton tarkoitusperi\u00e4 tai hyvi\u00e4 tapoja vastaan.<\/li>\n<li>Liiton kilpailum\u00e4\u00e4r\u00e4yksiss\u00e4 on pyk\u00e4l\u00e4 6.12.5: Eettinen l\u00e4ht\u00f6kohta on, ett\u00e4 seurat, joukkueet ja pelaajat pyrkiv\u00e4t kilpailutilanteessa parhaaseen mahdolliseen suoritukseen. Jos seura on sopinut kilpailutapahtuman tuloksesta etuk\u00e4teen, liittohallitus m\u00e4\u00e4r\u00e4\u00e4 sille rangaistuksen soveltaen kohdan 6.12 m\u00e4\u00e4r\u00e4yksi\u00e4 ja liiton s\u00e4\u00e4nt\u00f6jen 7 \u00a7. Urheilijaan ja toimitsijaan, joka on osallistunut tuloksen sopimiseen, sovelletaan samaa normistoa.<\/li>\n<\/ul>\n<p>7 \u00a7<br \/>\n<em>Liitto ja sen j\u00e4senet sitoutuvat my\u00f6s liikunnan ja urheilun yhteisiin vakavaa ep\u00e4asiallista k\u00e4ytt\u00e4ytymist\u00e4, vakavia eettisi\u00e4 rikkomuksia sek\u00e4 kilpailumanipulaatiota koskeviin kurinpitom\u00e4\u00e4r\u00e4yksiin ja urheiluyhteis\u00f6n yhteisen eettisten rikkomusten kurinpitolautakunnan toimivaltaan ja s\u00e4\u00e4nt\u00f6ihin sek\u00e4 sen p\u00e4\u00e4t\u00f6ksiin. Liiton j\u00e4senet sitouttavat omat j\u00e4senens\u00e4 ja toiminnassaan mukana olevat henkil\u00f6t ja yhteis\u00f6t edell\u00e4 mainittuihin kurinpitom\u00e4\u00e4r\u00e4yksiin ja kurinpitolautakunnan toimivaltaan, s\u00e4\u00e4nt\u00f6ihin ja p\u00e4\u00e4t\u00f6ksiin.<\/em><\/p>\n<h4>&nbsp;<\/h4>\n<h4><strong>Viestint\u00e4<\/strong><\/h4>\n<p>Kilpailumanipulaation liittyv\u00e4ss\u00e4 yleisess\u00e4 viestinn\u00e4ss\u00e4 k\u00e4ytet\u00e4\u00e4n p\u00e4\u00e4osin liiton nettisivuja sek\u00e4 seuroille yhdyshenkil\u00f6iden kautta l\u00e4hetett\u00e4vi\u00e4 viestej\u00e4. Oleellista on, ett\u00e4 kilpailumanipulaatioon liittyv\u00e4 viestint\u00e4 tavoittaa aiheeseen liittyv\u00e4t keskeisimm\u00e4t kohderyhm\u00e4t.<\/p>\n<p>Kilpailumanipulaatioon liittyv\u00e4 toimintaohjeistus laitetaan liiton nettisivuille sek\u00e4 lis\u00e4ksi se l\u00f6ytyy osana liiton vastuullisuusohjelmaa. Ohjelmasta tehd\u00e4\u00e4n erillinen tiedote liiton sivuille ja liiton vastuullisuusohjelma nostetaan s\u00e4\u00e4nn\u00f6llisin v\u00e4liajoin esille.<\/p>\n<p>Mahdollisissa ongelmatilanteissa viestint\u00e4\u00e4 toteutetaan liiton kriisiviestint\u00e4ohjeen mukaisesti. Kriisiviestint\u00e4ohjeen mukaisesti viestinn\u00e4n vastuuhenkil\u00f6n\u00e4 toimii toiminnanjohtaja. Ohje l\u00f6ytyy osana liiton vastuullisuusohjelmaa. Liiton sivuilta l\u00f6ytyv\u00e4t linkit my\u00f6s ILMO-j\u00e4rjestelm\u00e4\u00e4n sek\u00e4 SUEKin Reilusti paras-verkkokoulutukseen.<\/p>\n<p><strong>Toiminta ongelmatilanteissa<\/strong><\/p>\n<p>Suomen urheilun eettinen keskus SUEK ry on avannut ILMO-palvelun (ilmo.suek.fi), jonka kautta voi ilmoittaa, jos ep\u00e4ilee kilpailumanipulaatio-, doping- tai katsomoturvallisuusrikkomusta. Jokaisella on oikeus ilmoittaa ep\u00e4ilytt\u00e4v\u00e4st\u00e4 toiminnasta. Ilmoittaja auttaa suojelemaan urheilijoita ja urheilua sek\u00e4 turvaamaan tasavertaiset ja turvalliset l\u00e4ht\u00f6kohdat kaikille urheilijoille.<\/p>\n<p>ILMO-palvelun kautta voi antaa tietoa mahdollisista urheilurikkomuksista nimett\u00f6m\u00e4sti tai omalla nimell\u00e4\u00e4n. Ilmoituksen sis\u00e4lt\u00f6 k\u00e4sitell\u00e4\u00e4n luottamuksellisesti ja analysoidaan mahdollisia jatkotoimenpiteit\u00e4 varten. Jos ilmoituksen tekij\u00e4 antaa tietonsa nimett\u00f6m\u00e4sti, h\u00e4n voi rekister\u00f6ity\u00e4 suojattuun viestipalveluun, jonka kautta SUEK voi tarvittaessa pyyt\u00e4\u00e4 h\u00e4nelt\u00e4 lis\u00e4tietoja henkil\u00f6llisyyden paljastumatta.<\/p>\n<p>&nbsp;<\/p>\n<p><strong>Toimintaprotokolla kilpailumanipulaatiotapauksia varten:<\/strong><\/p>\n<ol>\n<li>P\u00f6yt\u00e4tennisliiton yhteyshenkil\u00f6n\u00e4 kilpailumanipulaatiotapauksissa toimii toiminnanjohtaja.<\/li>\n<li>Tapauksen alustava k\u00e4sittely toteutetaan liiton sis\u00e4ll\u00e4 kilpailumanipulaation yhteyshenkil\u00f6n toimesta. K\u00e4yt\u00e4nn\u00f6ss\u00e4 t\u00e4m\u00e4 tarkoittaa saatavilla olevien tapahtumatietojen ker\u00e4\u00e4mist\u00e4.<\/li>\n<li>Kaikista tapauksista ilmoitetaan SUEKin tutkintap\u00e4\u00e4llik\u00f6lle. Tapauksista ja yhteisty\u00f6st\u00e4 k\u00e4yd\u00e4\u00e4n keskustelut liiton kanssa tapauskohtaisesti sopien asiasta tiedottamisesta, rooleista ja vastuista.<\/li>\n<li>Tarvittaessa SUEK vie asian kansallisen yhteistoimintaryhm\u00e4n (National platform) k\u00e4sitelt\u00e4v\u00e4ksi. Yhteistoimintaryhm\u00e4ss\u00e4 ovat mukana esimerkiksi poliisi. Poliisi p\u00e4\u00e4tt\u00e4\u00e4 mahdollisista rikostutkinnallisista toimenpiteist\u00e4 ja lajin kurinpito kilpailullisista seuraamuksista.<\/li>\n<li>Mik\u00e4li tapaus ei johda rikostutkinnallisiin toimenpiteisiin liitto voi pyyt\u00e4\u00e4 SUEKin apua niiden asioiden selvitt\u00e4misess\u00e4, jotka eiv\u00e4t t\u00e4yt\u00e4 rikoksen tunnusmerkist\u00f6\u00e4. Selvitys tehd\u00e4\u00e4n yhteisty\u00f6ss\u00e4 liiton kanssa.<\/li>\n<li>Selvityksen p\u00e4\u00e4tytty\u00e4 liiton tulee harkita asian viemist\u00e4 omaan kurinpitok\u00e4sittelyyn tai p\u00e4\u00e4tt\u00e4\u00e4 asian k\u00e4sittely.<\/li>\n<li>Tarvittaessa asianosaisia tulee tiedottaa asian k\u00e4sittelyn p\u00e4\u00e4tt\u00e4misest\u00e4 tai sen lopputuloksesta.<\/li>\n<\/ol>\n<h4>&nbsp;<\/h4>\n<h4><strong>&nbsp;<\/strong><strong>Kurinpitotoimet<\/strong><\/h4>\n<p>Liittohallitus voi rangaista j\u00e4senseuraansa tai sen j\u00e4sent\u00e4, joka ei noudata liiton s\u00e4\u00e4nt\u00f6j\u00e4 tai liiton toimielinten p\u00e4\u00e4t\u00f6ksi\u00e4 tai m\u00e4\u00e4r\u00e4yksi\u00e4 tai j\u00e4tt\u00e4\u00e4 hoitamatta velvoitteet, joihin se on liittoon liittym\u00e4ll\u00e4 sitoutunut, tai muulla tavoin toimii liiton tarkoitusperi\u00e4 tai hyvi\u00e4 tapoja vastaan.<\/p>\n<ul>\n<li>Jotta kurinpitotoimiin voidaan ryhty\u00e4, on kurinpidon kohteen oltava Suomen P\u00f6yt\u00e4tennisliiton kurinpitovallan alla ja teon, josta syytet\u00e4\u00e4n, on oltava rangaistava. P\u00f6yt\u00e4tennisliiton kurinpitovallan alle kuuluu sellainen urheilutoimija tai taho, joka on sitoutunut liiton s\u00e4\u00e4nt\u00f6ihin tai niiden nojalla annettuihin m\u00e4\u00e4r\u00e4yksiin tai on muulla tavoin sitoutunut noudattamaan niit\u00e4.<\/li>\n<li>Kurinpitotoimia voidaan kohdistaa henkil\u00f6\u00f6n, joka yritt\u00e4\u00e4 kilpailla\/pelaa tai ehdottaa kilpailemista\/pelaamista ennakolta sovittuun lopputuloksen pyrkien tai muulla tavoin manipuloi kilpailutapahtumia. Sama p\u00e4tee henkil\u00f6\u00f6n, joka laiminly\u00f6 tiedonantovelvollisuuden t\u00e4llaisista teoista tai niiden yrityksist\u00e4.<\/li>\n<li>Manipulaatiotapauksissa on muita kurinpitotapauksia korkeampi n\u00e4ytt\u00f6kynnys. V\u00e4liaikaisiin kurinpitotoimenpiteisiin voi riitt\u00e4\u00e4 \u201dsyyt\u00e4 ep\u00e4ill\u00e4\u201d kynnys, kuten esimerkiksi syytt\u00e4misp\u00e4\u00e4t\u00f6s k\u00e4r\u00e4j\u00e4oikeudessa.<\/li>\n<li>On tarkkaan harkittava, miss\u00e4 vaiheessa v\u00e4liaikaisiin kurinpitotoimiin voidaan ryhty\u00e4 ja j\u00e4senj\u00e4rjest\u00f6jen oma kurinpitomenettely voidaan aloittaa. Kurinpitomenettelyss\u00e4 on huomioitava syylliseksi ep\u00e4illyn oikeusturva.<\/li>\n<li>Rangaistusta m\u00e4\u00e4r\u00e4tt\u00e4ess\u00e4 tulisi huomioida lievent\u00e4v\u00e4n\u00e4 seikkana ep\u00e4illyn pyrkimys avustaa tapauksen selvitt\u00e4misess\u00e4<\/li>\n<\/ul>\n<p>&nbsp;<\/p>\n<p><a name=\"_Toc54606285\"><\/a><strong>Yhteenveto toimenpiteist\u00e4 ja vastuuhenkil\u00f6ist\u00e4<\/strong><\/p>\n<p><strong>&nbsp;&nbsp;&nbsp; &nbsp;TOIMENPIDE&nbsp; &nbsp; &nbsp; &nbsp; &nbsp; &nbsp; &nbsp; &nbsp; &nbsp; &nbsp; &nbsp; &nbsp; &nbsp; &nbsp; &nbsp; &nbsp; &nbsp; &nbsp; &nbsp; &nbsp; &nbsp; &nbsp; &nbsp; &nbsp; &nbsp; &nbsp; &nbsp; &nbsp; &nbsp; &nbsp; &nbsp; &nbsp; &nbsp; &nbsp; &nbsp; &nbsp; &nbsp; &nbsp; &nbsp; &nbsp; &nbsp; &nbsp; &nbsp; &nbsp; &nbsp; &nbsp; &nbsp; &nbsp; &nbsp; &nbsp; &nbsp; &nbsp; &nbsp; &nbsp; &nbsp; &nbsp; &nbsp; &nbsp; &nbsp; &nbsp; &nbsp; &nbsp; &nbsp; &nbsp; &nbsp; &nbsp; TOTEUTUS<\/strong><\/p>\n<table>\n<tbody>\n<tr>\n<td width=\"292\">&nbsp;<\/td>\n<td width=\"302\">&nbsp;<\/td>\n<\/tr>\n<tr>\n<td width=\"292\">&nbsp;<\/td>\n<td width=\"302\">&nbsp;<\/td>\n<\/tr>\n<tr>\n<td width=\"292\">Koulutusten kilpailumanipulaation vastainen toiminta &#8211; osiot<\/td>\n<td width=\"302\">Liiton kouluttaja kouluttaa itse tai tilaa koulutuksen SUEK:lta.<\/td>\n<\/tr>\n<tr>\n<td width=\"292\">&nbsp;<\/td>\n<td width=\"302\">&nbsp;<\/td>\n<\/tr>\n<tr>\n<td width=\"292\">Pelaajien informointi ja sitouttaminen<\/td>\n<td width=\"302\">&nbsp;<\/p>\n<p>Lisenssin oston yhteydess\u00e4 lisenssin ostaja sitoutuu noudattamaan Suomen P\u00f6yt\u00e4tennisliiton sek\u00e4 SUEKin s\u00e4\u00e4nn\u00f6st\u00f6j\u00e4. Liiton viestint\u00e4 v\u00e4litt\u00e4\u00e4 SUEK:n tuottamaa ajankohtaista tietoa.<\/td>\n<\/tr>\n<tr>\n<td width=\"292\">Maajoukkuepelaajien informointi<\/td>\n<td width=\"302\">&nbsp;<\/p>\n<p>Liiton maajoukkuetoiminnasta vastaava henkil\u00f6 jakaa tietoa vuosittain maajoukkueleireill\u00e4.<\/td>\n<\/tr>\n<tr>\n<td width=\"292\">&nbsp;<\/td>\n<td width=\"302\">&nbsp;<\/td>\n<\/tr>\n<tr>\n<td width=\"292\">&nbsp;<\/p>\n<p>SUEK:n koulutustilaisuudet<\/td>\n<td width=\"302\">&nbsp;<\/p>\n<p>Liiton nime\u00e4m\u00e4 vastuuhenkil\u00f6 osallistuu<\/td>\n<\/tr>\n<tr>\n<td width=\"292\">Viestint\u00e4<\/td>\n<td width=\"302\">&nbsp;<\/p>\n<p>&nbsp;<\/p>\n<p>Liitto julkaisee ja v\u00e4litt\u00e4\u00e4 SUEK:n tiedotteita. Liiton kilpailumanipulaation vastainen ohjelma l\u00f6ytyy liiton sivuilta Liitto-valikon alta. Liiton sivuilta l\u00f6ytyy linkit muun muassa SUEKin sivuille, ILMO-raportointij\u00e4rjestelm\u00e4\u00e4n sek\u00e4 Reilusti paras \u2013 verkkokoulutukseen.<\/td>\n<\/tr>\n<tr>\n<td width=\"292\">&nbsp;<\/p>\n<p>&nbsp;<\/p>\n<p>Kilpailumanipulaation vastainen ohjelma<\/td>\n<td width=\"302\">&nbsp;<\/p>\n<p>&nbsp;<\/p>\n<p>Ohjelman p\u00e4ivitt\u00e4misest\u00e4 vastaa liiton nime\u00e4m\u00e4 henkil\u00f6 ja sen hyv\u00e4ksyy liiton hallitus.<\/td>\n<\/tr>\n<\/tbody>\n<\/table>\n<p>&nbsp;<\/p>\n<p>&nbsp;<\/p>\n<p>&nbsp;<\/p>\n","protected":false},"excerpt":{"rendered":"<p>&nbsp; Ohjelman arvoperusta ja tavoitteet Suomen P\u00f6yt\u00e4tennisliitto ry (SPTL) pyrkii ottamaan huomioon kaikessa toiminnassaan urheilussa ja muussa yhteiskunnassa yleisesti hyv\u00e4ksytyt eettiset ja moraaliset periaatteet ja linjaukset. Suomen P\u00f6yt\u00e4tennisliitto on sitoutunut kilpailumanipulaation vastaiseen ty\u00f6h\u00f6n sek\u00e4 noudattamaan Reilun Pelin periaatteita. P\u00f6yt\u00e4tennisliitto haluaa taata kaikille j\u00e4senilleen mahdollisuuden reiluun liikuntaan ja urheiluun. Omalla toiminnallaan liitto haluaa varmistaa, ettei kilpailumanipulaatio &hellip; <a href=\"https:\/\/www.sptl.fi\/sptl_test\/?page_id=33370\" class=\"more-link\">Jatka lukemista <span class=\"screen-reader-text\">Suomen P\u00f6yt\u00e4tennisliiton kilpailumanipulaation ja vilpin vastaisen toiminnan ohjelma<\/span> <span class=\"meta-nav\">&rarr;<\/span><\/a><\/p>\n","protected":false},"author":7,"featured_media":0,"parent":0,"menu_order":0,"comment_status":"closed","ping_status":"closed","template":"","meta":{"ngg_post_thumbnail":0,"footnotes":""},"_links":{"self":[{"href":"https:\/\/www.sptl.fi\/sptl_test\/index.php?rest_route=\/wp\/v2\/pages\/33370"}],"collection":[{"href":"https:\/\/www.sptl.fi\/sptl_test\/index.php?rest_route=\/wp\/v2\/pages"}],"about":[{"href":"https:\/\/www.sptl.fi\/sptl_test\/index.php?rest_route=\/wp\/v2\/types\/page"}],"author":[{"embeddable":true,"href":"https:\/\/www.sptl.fi\/sptl_test\/index.php?rest_route=\/wp\/v2\/users\/7"}],"replies":[{"embeddable":true,"href":"https:\/\/www.sptl.fi\/sptl_test\/index.php?rest_route=%2Fwp%2Fv2%2Fcomments&post=33370"}],"version-history":[{"count":0,"href":"https:\/\/www.sptl.fi\/sptl_test\/index.php?rest_route=\/wp\/v2\/pages\/33370\/revisions"}],"wp:attachment":[{"href":"https:\/\/www.sptl.fi\/sptl_test\/index.php?rest_route=%2Fwp%2Fv2%2Fmedia&parent=33370"}],"curies":[{"name":"wp","href":"https:\/\/api.w.org\/{rel}","templated":true}]}}