{"id":1092,"date":"2016-06-10T15:18:14","date_gmt":"2016-06-10T12:18:14","guid":{"rendered":"http:\/\/www.tiedonrakentajat.fi\/sptl_uudet\/?page_id=1092"},"modified":"2025-06-10T10:35:01","modified_gmt":"2025-06-10T07:35:01","slug":"valmentajan-polku","status":"publish","type":"page","link":"https:\/\/www.sptl.fi\/sptl_uudet\/?page_id=1092","title":{"rendered":"Valmentajan polku"},"content":{"rendered":"<p><strong>&nbsp;<\/strong><\/p>\n<p><strong>VALMENTAJAKOULUTUKSEN POLKU<\/strong><\/p>\n<p>Koulutuspolussa on kuvattu eri tasojen tavoitteet ja se kenelle ne ovat ensisijaisesti suunnattu. Kuvauksen tavoitteena on auttaa jokaista l\u00f6yt\u00e4m\u00e4\u00e4n oma <strong>henkil\u00f6kohtainen valmentajakoulutuspolku<\/strong>. Meill\u00e4 on lajitaidoiltaan paljonkin henkil\u00f6it\u00e4, joiden ei ole tarpeellista osallistua VOK 1 tason lajiosaan, mutta monella heist\u00e4 voisi olla hy\u00f6dyllist\u00e4 osallistua ainakin joihinkin aluej\u00e4rjest\u00f6jen koulutuksiin. Toki voi olla toisinkin p\u00e4in. Kaikkien ei v\u00e4ltt\u00e4m\u00e4tt\u00e4 ole tarkoituksenmukaista osallistua j\u00e4rjestyksess\u00e4 kaikille tasoille ja niill\u00e4 jokaiseen osaan.&nbsp;<\/p>\n<table>\n<tbody>\n<tr>\n<td width=\"943\"><strong>&nbsp;<\/strong><strong>STARTTIKURSSI (VOK 0)<\/strong><\/p>\n<p><strong>OPPIMISTAVOITE<\/strong>: Koulutuksen j\u00e4lkeen osallistujalla on valmiudet toimia <strong>apuvalmentajana <\/strong>uusien pelaajien ryhmiss\u00e4. Tavoitteena <strong>innostaa <\/strong>mukaan toimintaan.<\/p>\n<p><strong>KENELLE<\/strong>: Koulutus sopii kaikille, joita p\u00f6yt\u00e4tennisvalmennus\/ohjaus kiinnostaa (esimerkiksi pelaajien vanhemmat).<\/p>\n<p><strong>SIS\u00c4LT\u00d6<\/strong>: K\u00e4yd\u00e4\u00e4n perustekniikan perusasiat helpossa muodossa l\u00e4pi. Lis\u00e4ksi opetellaan pallolaatikkoharjoittelun perusteet. Keskustellaan lasten ja nuorten kilpailemisesta.<\/p>\n<p><strong>K\u00c4YT\u00c4NN\u00d6N TOTEUTUS<\/strong>: Seurojen omilla harjoitusvuoroilla. Koulutuksen kesto noin 1-1,5 tuntia.<\/td>\n<\/tr>\n<\/tbody>\n<\/table>\n<p>&nbsp;<\/p>\n<table>\n<tbody>\n<tr>\n<td width=\"943\"><strong>&nbsp;<\/strong><strong>SEURAVALMENTAJAKOULUTUS (VOK 1)<\/strong><\/p>\n<p><strong>OPPIMISTAVOITE<\/strong>: Koulutuksen j\u00e4lkeen osallistujilla on valmiudet vet\u00e4\u00e4 <strong>yksitt\u00e4inen harjoituskerta<\/strong>. Tavoitteena antaa <strong>perusteita valmentamiseen<\/strong>.<\/p>\n<p><strong>KENELLE:<\/strong> Valmentamisesta kiinnostuneille henkil\u00f6ille, jotka ovat itse lajia harrastaneet tai starttikurssin k\u00e4yneet.<\/p>\n<p><strong>SIS\u00c4LT\u00d6:<br \/>\n<\/strong><span style=\"font-family: inherit; font-size: inherit;\">\u00b7&nbsp;&nbsp;&nbsp;&nbsp;&nbsp;&nbsp;&nbsp;&nbsp; Tekniikka (tasolle sopivasti)<br \/>\n<\/span>\u00b7&nbsp;&nbsp;&nbsp;&nbsp;&nbsp;&nbsp;&nbsp;&nbsp; Keskeisin opetusmetodi eli pallolaatikkoharjoittelun haltuunotto<br \/>\n\u00b7&nbsp;&nbsp;&nbsp;&nbsp;&nbsp;&nbsp;&nbsp;&nbsp; Harjoitusten suunnittelu ja toteutus<br \/>\n\u00b7&nbsp;&nbsp;&nbsp;&nbsp;&nbsp;&nbsp;&nbsp;&nbsp; Perusasioita yleisesti lasten ja nuorten harjoittelusta<br \/>\n\u00b7&nbsp;&nbsp;&nbsp;&nbsp;&nbsp;&nbsp;&nbsp;&nbsp; Taitovalmennuksen perusteet<\/p>\n<p>K\u00c4YT\u00c4NN\u00d6N TOTEUTUS: Koulutuksen ohjeellinen kesto 50 h<br \/>\n<strong>A.&nbsp;&nbsp;&nbsp;&nbsp;&nbsp; <\/strong><strong>Lajiosa<br \/>\n<\/strong><u>L\u00c4HIJAKSO<br \/>\n<\/u><strong>Toteutetaan seuran tiloissa<\/strong>. Koulutuksessa vuorottelee kouluttajan kanssa pidett\u00e4v\u00e4t koulutusjaksot ja seuran pelaajien kanssa pidett\u00e4v\u00e4t k\u00e4yt\u00e4nn\u00f6n harjoitteet.&nbsp;<\/p>\n<p>Osa 1: Perustekniikka ja pallolaatikkoharjoittelu<br \/>\nOsa 2: Koulutettavat vet\u00e4v\u00e4t omille pelaajille pallolaatikkoharjoituksen, jossa paneudutaan perustekniikkaan<br \/>\nOsa 3: Valmentajana toimiminen ja harjoituskerran suunnittelu<br \/>\nOsa 4: Harjoitusten veto omille pelaajille+ palautekeskustelu<\/p>\n<p><u>ENNAKKOTEHT\u00c4V\u00c4<br \/>\n<\/u>Kurssilainen opiskelee ennen kurssia tasolle tuotetun materiaalin (videoklipit ja tekstit)<\/p>\n<p><strong>B.&nbsp;&nbsp;&nbsp;&nbsp;&nbsp; <\/strong><strong>Aluej\u00e4rjest\u00f6jen koulutus<br \/>\n<\/strong>Aluej\u00e4rjest\u00f6t ymp\u00e4ri Suomen j\u00e4rjest\u00e4v\u00e4t VOK 1 tason koulutusta. Koulutukset vaihtelevat muutaman tunnin rupeamista kokop\u00e4iv\u00e4n tapahtumiin (n\u00e4iss\u00e4 usein yhdistetty useita teemoja). Alla listattu hyvi\u00e4 koulutuksia (hieman kurssien nimet voivat alueittain vaihdella).<\/p>\n<p>\u00b7&nbsp;&nbsp;&nbsp;&nbsp;&nbsp;&nbsp;&nbsp;&nbsp; Taitoharjoittelu<br \/>\n\u00b7&nbsp;&nbsp;&nbsp;&nbsp;&nbsp;&nbsp;&nbsp;&nbsp; Kannustava valmentaja ja ohjaaja<br \/>\n\u00b7&nbsp;&nbsp;&nbsp;&nbsp;&nbsp;&nbsp;&nbsp;&nbsp; Ihmisen elinj\u00e4rjestelm\u00e4t ja harjoittelu<br \/>\n\u00b7&nbsp;&nbsp;&nbsp;&nbsp;&nbsp;&nbsp;&nbsp;&nbsp; Oppiminen ja opettaminen harjoitustilanteessa<br \/>\n\u00b7&nbsp;&nbsp;&nbsp;&nbsp;&nbsp;&nbsp;&nbsp;&nbsp; Fyysinen harjoittelu<br \/>\n\u00b7&nbsp;&nbsp;&nbsp;&nbsp;&nbsp;&nbsp;&nbsp;&nbsp; Harjoittelun suunnittelu ja arviointi<br \/>\n\u00b7&nbsp;&nbsp;&nbsp;&nbsp;&nbsp;&nbsp;&nbsp;&nbsp; Valmentajana ja ohjaajana kehittyminen<br \/>\n\u00b7&nbsp;&nbsp;&nbsp;&nbsp;&nbsp;&nbsp;&nbsp;&nbsp; Herkkyyskausien huomiointi harjoittelussa<br \/>\n\u00b7&nbsp;&nbsp;&nbsp;&nbsp;&nbsp;&nbsp;&nbsp;&nbsp; Psyykkiset ja sosiaaliset ominaisuudet harjoittelussa<\/td>\n<\/tr>\n<\/tbody>\n<\/table>\n<p>&nbsp;<\/p>\n<table>\n<tbody>\n<tr>\n<td width=\"943\"><strong>&nbsp;<\/strong><strong>KILPAVALMENTAJAKOULUTUS (VOK 2)<\/strong><\/p>\n<p><strong>OPPIMISTAVOITE:<\/strong><br \/>\nKoulutuksen j\u00e4lkeen osallistuneilla on kokonaisvaltainen n\u00e4kemys p\u00f6yt\u00e4tennisvalmennuksesta.<\/p>\n<p><strong>KENELLE:<br \/>\n<\/strong> Seuravalmentajakoulutuksen (VOK 1) suorittaneet ja pitk\u00e4\u00e4n k\u00e4yt\u00e4nn\u00f6n valmennusty\u00f6t\u00e4 tehneet<\/p>\n<p><strong>SIS\u00c4LT\u00d6:<br \/>\n<\/strong>\u00b7&nbsp;&nbsp;&nbsp;&nbsp;&nbsp;&nbsp;&nbsp;&nbsp; Fyysinen valmennus<br \/>\n\u00b7&nbsp;&nbsp;&nbsp;&nbsp;&nbsp;&nbsp;&nbsp;&nbsp; Psyykkinen valmennus<br \/>\n\u00b7&nbsp;&nbsp;&nbsp;&nbsp;&nbsp;&nbsp;&nbsp;&nbsp; Kehittynyt tekniikkavalmennus<br \/>\n\u00b7&nbsp;&nbsp;&nbsp;&nbsp;&nbsp;&nbsp;&nbsp;&nbsp; Taktiikka<\/p>\n<p><strong>K\u00c4YT\u00c4NN\u00d6N TOTEUTUS:<\/strong> Koulutuksen ohjeellinen kesto 100 h<br \/>\n\u00b7&nbsp;&nbsp;&nbsp;&nbsp;&nbsp;&nbsp;&nbsp;&nbsp; Eri osa-alueista j\u00e4rjestet\u00e4\u00e4n teemakoulutuksia. Koulutusten kesto vaihtelee viikonlopusta yhden p\u00e4iv\u00e4n pituisiin tapahtumiin.<br \/>\n\u00b7&nbsp;&nbsp;&nbsp;&nbsp;&nbsp;&nbsp;&nbsp;&nbsp; Keskeinen osa koulutusta on valmentajille muodostettavan yhteis\u00f6n j\u00e4senyys ja siell\u00e4 k\u00e4yt\u00e4v\u00e4 keskustelu ja siihen osallistuminen.<br \/>\n\u00b7&nbsp;&nbsp;&nbsp;&nbsp;&nbsp;&nbsp;&nbsp;&nbsp; Itsen\u00e4isty\u00f6<\/td>\n<\/tr>\n<\/tbody>\n<\/table>\n<p>Tarkempaa tietoa<br \/>\nTaneli Keinonen<br \/>\nP\u00f6yt\u00e4tennisliitto<br \/>\n<a href=\"mailto:info@sptl.fi\">info@sptl.fi<\/a><br \/>\n0505285861<\/p>\n","protected":false},"excerpt":{"rendered":"<p>&nbsp; VALMENTAJAKOULUTUKSEN POLKU Koulutuspolussa on kuvattu eri tasojen tavoitteet ja se kenelle ne ovat ensisijaisesti suunnattu. Kuvauksen tavoitteena on auttaa jokaista l\u00f6yt\u00e4m\u00e4\u00e4n oma henkil\u00f6kohtainen valmentajakoulutuspolku. Meill\u00e4 on lajitaidoiltaan paljonkin henkil\u00f6it\u00e4, joiden ei ole tarpeellista osallistua VOK 1 tason lajiosaan, mutta monella heist\u00e4 voisi olla hy\u00f6dyllist\u00e4 osallistua ainakin joihinkin aluej\u00e4rjest\u00f6jen koulutuksiin. Toki voi olla toisinkin p\u00e4in. &hellip; <a href=\"https:\/\/www.sptl.fi\/sptl_uudet\/?page_id=1092\" class=\"more-link\">Jatka lukemista <span class=\"screen-reader-text\">Valmentajan polku<\/span> <span class=\"meta-nav\">&rarr;<\/span><\/a><\/p>\n","protected":false},"author":7,"featured_media":0,"parent":760,"menu_order":0,"comment_status":"closed","ping_status":"closed","template":"","meta":{"ngg_post_thumbnail":0,"footnotes":""},"class_list":["post-1092","page","type-page","status-publish","hentry"],"_links":{"self":[{"href":"https:\/\/www.sptl.fi\/sptl_uudet\/index.php?rest_route=\/wp\/v2\/pages\/1092","targetHints":{"allow":["GET"]}}],"collection":[{"href":"https:\/\/www.sptl.fi\/sptl_uudet\/index.php?rest_route=\/wp\/v2\/pages"}],"about":[{"href":"https:\/\/www.sptl.fi\/sptl_uudet\/index.php?rest_route=\/wp\/v2\/types\/page"}],"author":[{"embeddable":true,"href":"https:\/\/www.sptl.fi\/sptl_uudet\/index.php?rest_route=\/wp\/v2\/users\/7"}],"replies":[{"embeddable":true,"href":"https:\/\/www.sptl.fi\/sptl_uudet\/index.php?rest_route=%2Fwp%2Fv2%2Fcomments&post=1092"}],"version-history":[{"count":7,"href":"https:\/\/www.sptl.fi\/sptl_uudet\/index.php?rest_route=\/wp\/v2\/pages\/1092\/revisions"}],"predecessor-version":[{"id":21122,"href":"https:\/\/www.sptl.fi\/sptl_uudet\/index.php?rest_route=\/wp\/v2\/pages\/1092\/revisions\/21122"}],"up":[{"embeddable":true,"href":"https:\/\/www.sptl.fi\/sptl_uudet\/index.php?rest_route=\/wp\/v2\/pages\/760"}],"wp:attachment":[{"href":"https:\/\/www.sptl.fi\/sptl_uudet\/index.php?rest_route=%2Fwp%2Fv2%2Fmedia&parent=1092"}],"curies":[{"name":"wp","href":"https:\/\/api.w.org\/{rel}","templated":true}]}}