{"id":12104,"date":"2018-05-08T11:43:37","date_gmt":"2018-05-08T08:43:37","guid":{"rendered":"http:\/\/www.sptl.fi\/sptl_uudet\/?page_id=12104"},"modified":"2025-06-13T12:36:36","modified_gmt":"2025-06-13T09:36:36","slug":"suek","status":"publish","type":"page","link":"https:\/\/www.sptl.fi\/sptl_uudet\/?page_id=12104","title":{"rendered":"SUEK"},"content":{"rendered":"<div class=\"ingress-article\">Suomen urheilun eettinen keskus SUEK ry vastaa koko dopingvalvonnasta Suomessa. Lis\u00e4ksi SUEK ehk\u00e4isee yhdess\u00e4 muiden toimijoiden kanssa urheilukilpailuiden manipulointia, kehitt\u00e4\u00e4 katsomoturvallisuutta ja -viihtyisyytt\u00e4. SUEK tekee tinkim\u00e4tt\u00f6m\u00e4sti t\u00f6it\u00e4 puhtaan urheilun ja reilun pelin puolesta. Reilusti paras<\/div>\n<p>Nettisivuilta l\u00f6ytyy tietoa mm. urheilussa kielletyist\u00e4 aineista ja menetelmist\u00e4:&nbsp;<a href=\"https:\/\/www.suek.fi\/suek\">SUEK.fi<\/a><\/p>\n<p>Urheilijan sairauden hoito voi vaatia kielletyn aineen tai menetelm\u00e4n k\u00e4ytt\u00f6\u00e4. Silloin urheilijan tulee hakea erivapautta. Erivapausmenettely takaa urheilijoiden yhdenvertaisuuden. Lis\u00e4tietoa: <a href=\"https:\/\/www.suek.fi\/en\/erivapaus\">https:\/\/www.suek.fi\/en\/erivapaus<\/a><\/p>\n<p>P\u00f6yt\u00e4tennisliiton antidopingohjelma sek\u00e4 yhdenvertaisuus- ja tasa-arvosuunnitelma l\u00f6ytyv\u00e4t alasvetovalikosta &#8221;Liitto&#8221;.<\/p>\n<p>&nbsp;<\/p>\n<h3>Hy\u00f6dyllisi\u00e4 ty\u00f6kaluja<\/h3>\n<p>&nbsp;<\/p>\n<p><strong>KAMU:<\/strong> <a href=\"https:\/\/kamu.suek.fi\/fi\/\">KAMU -l\u00e4\u00e4kehaku (suek.fi)<\/a><\/p>\n<p>KAMU-palvelun avulla voit tarkistaa, mitk\u00e4 l\u00e4\u00e4keaineet on luokiteltu kielletyiksi, ehdoin kielletyiksi ja sallituiksi.<\/p>\n<p><strong>ILMO:<\/strong> <a href=\"https:\/\/ilmo.suek.fi\/\">ILMO (suek.fi)<\/a><\/p>\n<p>Jokaisella on oikeus ilmoittaa, jos ep\u00e4ilee doping-, kilpailumanipulaatio- tai katsomoturvallisuusrikkomusta tai muuta eettist\u00e4 rikkomusta urheilussa. Puuttumalla rikkomuksiin autat suojelemaan urheilijoita ja urheilua sek\u00e4 turvaamaan tasavertaiset ja turvalliset l\u00e4ht\u00f6kohdat kaikille urheilijoille. ILMO-palvelussa voit tehd\u00e4 ilmoituksen urheilijan tai muun toimijan ep\u00e4ilytt\u00e4v\u00e4st\u00e4 toiminnasta.<\/p>\n<p><strong>Puhtaasti paras -koulutus:<\/strong> <a href=\"https:\/\/suek.fi\/koulutus\/koulutusmateriaalit\/puhtaasti-paras-verkkokoulutus\/\">Puhtaasti paras -verkkokoulutus &#8211; Suek<\/a><\/p>\n<p>Puhtaasti paras on verkkokoulutus, jonka avulla niin urheilijat, urheilijan tukihenkil\u00f6t kuin kaikki muutkin urheilutoimijat voivat oppia ja varmistaa tietonsa antidopingasioista. Koulutuksen sis\u00e4lt\u00f6 perustuu Maailman antidopings\u00e4\u00e4nn\u00f6st\u00f6\u00f6n, joka tuli voimaan 1.1.2021.<\/p>\n","protected":false},"excerpt":{"rendered":"<p>Suomen urheilun eettinen keskus SUEK ry vastaa koko dopingvalvonnasta Suomessa. Lis\u00e4ksi SUEK ehk\u00e4isee yhdess\u00e4 muiden toimijoiden kanssa urheilukilpailuiden manipulointia, kehitt\u00e4\u00e4 katsomoturvallisuutta ja -viihtyisyytt\u00e4. SUEK tekee tinkim\u00e4tt\u00f6m\u00e4sti t\u00f6it\u00e4 puhtaan urheilun ja reilun pelin puolesta. Reilusti paras Nettisivuilta l\u00f6ytyy tietoa mm. urheilussa kielletyist\u00e4 aineista ja menetelmist\u00e4:&nbsp;SUEK.fi Urheilijan sairauden hoito voi vaatia kielletyn aineen tai menetelm\u00e4n k\u00e4ytt\u00f6\u00e4. Silloin &hellip; <a href=\"https:\/\/www.sptl.fi\/sptl_uudet\/?page_id=12104\" class=\"more-link\">Jatka lukemista <span class=\"screen-reader-text\">SUEK<\/span> <span class=\"meta-nav\">&rarr;<\/span><\/a><\/p>\n","protected":false},"author":7,"featured_media":0,"parent":303,"menu_order":0,"comment_status":"closed","ping_status":"closed","template":"","meta":{"ngg_post_thumbnail":0,"footnotes":""},"class_list":["post-12104","page","type-page","status-publish","hentry"],"_links":{"self":[{"href":"https:\/\/www.sptl.fi\/sptl_uudet\/index.php?rest_route=\/wp\/v2\/pages\/12104","targetHints":{"allow":["GET"]}}],"collection":[{"href":"https:\/\/www.sptl.fi\/sptl_uudet\/index.php?rest_route=\/wp\/v2\/pages"}],"about":[{"href":"https:\/\/www.sptl.fi\/sptl_uudet\/index.php?rest_route=\/wp\/v2\/types\/page"}],"author":[{"embeddable":true,"href":"https:\/\/www.sptl.fi\/sptl_uudet\/index.php?rest_route=\/wp\/v2\/users\/7"}],"replies":[{"embeddable":true,"href":"https:\/\/www.sptl.fi\/sptl_uudet\/index.php?rest_route=%2Fwp%2Fv2%2Fcomments&post=12104"}],"version-history":[{"count":18,"href":"https:\/\/www.sptl.fi\/sptl_uudet\/index.php?rest_route=\/wp\/v2\/pages\/12104\/revisions"}],"predecessor-version":[{"id":44647,"href":"https:\/\/www.sptl.fi\/sptl_uudet\/index.php?rest_route=\/wp\/v2\/pages\/12104\/revisions\/44647"}],"up":[{"embeddable":true,"href":"https:\/\/www.sptl.fi\/sptl_uudet\/index.php?rest_route=\/wp\/v2\/pages\/303"}],"wp:attachment":[{"href":"https:\/\/www.sptl.fi\/sptl_uudet\/index.php?rest_route=%2Fwp%2Fv2%2Fmedia&parent=12104"}],"curies":[{"name":"wp","href":"https:\/\/api.w.org\/{rel}","templated":true}]}}