{"id":13307,"date":"2018-09-10T10:51:12","date_gmt":"2018-09-10T07:51:12","guid":{"rendered":"http:\/\/www.sptl.fi\/sptl_uudet\/?page_id=13307"},"modified":"2026-02-09T08:54:30","modified_gmt":"2026-02-09T06:54:30","slug":"ansiomerkit","status":"publish","type":"page","link":"https:\/\/www.sptl.fi\/sptl_uudet\/?page_id=13307","title":{"rendered":"Ansiomerkit"},"content":{"rendered":"<p><strong>Suomen P\u00f6yt\u00e4tennisliiton my\u00f6nt\u00e4m\u00e4t ansiomerkit (lista p\u00e4ivitetty 9.2.2026)<\/strong><\/p>\n<hr>\n<h5><a href=\"https:\/\/www.sptl.fi\/sptl_uudet\/wp-content\/uploads\/Poytatenniksen-Ansiomerkit-1948-2026-1-1.xls\" target=\"_blank\" rel=\"noopener\"><strong>P\u00f6yt\u00e4tenniksen ansiomerkit-1948-2026<\/strong><\/a><\/h5>\n<hr>\n<p>SPTL:n kunniapuheenjohtajia ovat olleet Esa Ellonen (nime\u00e4misvuosi 1998) ja Toivo P\u00f6yry (1975).<\/p>\n<p>Bengt Ahti (2018), Kimmo Arenius (2023), Liisa J\u00e4rvenp\u00e4\u00e4 (2018), Matti Kolppanen (2018) ja Usko Puustinen (1984) ovat SPTL:n kunniaj\u00e4seni\u00e4. My\u00f6s Teuvo Komulainen (2018) oli kunniaj\u00e4sen.<\/p>\n<p><strong>ANSIOMERKKIS\u00c4\u00c4NN\u00d6T<\/strong><br \/>\nSuomen P\u00f6yt\u00e4tennisliitolla on kolme eri tasoista ansiomerkki\u00e4, joita voidaan my\u00f6nt\u00e4\u00e4 anomuksesta liittohallituksen p\u00e4\u00e4t\u00f6ksell\u00e4 seuraavin perustein:<\/p>\n<p><strong>Pronssinen ansiomerkki<\/strong> voidaan my\u00f6nt\u00e4\u00e4 henkil\u00f6lle, joka on ansiokkaasti toiminut paikallisen p\u00f6yt\u00e4tenniksen hyv\u00e4ksi.<\/p>\n<p><strong>Hopeinen ansiomerkki<\/strong> voidaan my\u00f6nt\u00e4\u00e4 henkil\u00f6lle, joka on ansiokkaasti toiminut maamme p\u00f6yt\u00e4tenniksen hyv\u00e4ksi joko seura- tai liittotasolla.<\/p>\n<p><strong>Kultainen ansiomerkki<\/strong> voidaan my\u00f6nt\u00e4\u00e4 henkil\u00f6lle, joka on eritt\u00e4in ansiokkaasti toiminut maamme p\u00f6yt\u00e4tenniksen hyv\u00e4ksi liitto- ja tai kansainv\u00e4lisell\u00e4 tasolla.<\/p>\n<p><strong>Kultainen plaketti<\/strong> voidaan my\u00f6nt\u00e4\u00e4 henkil\u00f6lle, joka on erityisen ansiokkaasti toiminut maamme p\u00f6yt\u00e4tenniksen hyv\u00e4ksi liitto- tai kansainv\u00e4lisell\u00e4 tasolla.<\/p>\n<p>Ansiomerkit my\u00f6nnet\u00e4\u00e4n j\u00e4rjestyksess\u00e4 pronssisesta alkaen. J\u00e4rjestyksest\u00e4 voidaan poiketa&nbsp; erityisist\u00e4 syist\u00e4 hallituksen p\u00e4\u00e4t\u00f6ksell\u00e4.<\/p>\n<p>Ansiomerkit ja plaketti ovat maksullisia ja hinnat l\u00f6ytyv\u00e4t p\u00f6yt\u00e4tennisliiton sivuilta (<a href=\"http:\/\/www.sptl.fi\">www.sptl.fi<\/a>) kohdasta liiton perim\u00e4t maksut.<\/p>\n<p>Ansiomerkit anotaan kirjallisesti liitosta saatavalla lomakkeella ja anomus osoitetaan Suomen P\u00f6yt\u00e4tennisliiton hallitukselle.<\/p>\n<p>S\u00e4\u00e4nn\u00f6t vahvistettu liiton hallituksen kokouksessa 27.8.2002.<\/p>\n<p>&nbsp;<\/p>\n","protected":false},"excerpt":{"rendered":"<p>Suomen P\u00f6yt\u00e4tennisliiton my\u00f6nt\u00e4m\u00e4t ansiomerkit (lista p\u00e4ivitetty 9.2.2026) P\u00f6yt\u00e4tenniksen ansiomerkit-1948-2026 SPTL:n kunniapuheenjohtajia ovat olleet Esa Ellonen (nime\u00e4misvuosi 1998) ja Toivo P\u00f6yry (1975). Bengt Ahti (2018), Kimmo Arenius (2023), Liisa J\u00e4rvenp\u00e4\u00e4 (2018), Matti Kolppanen (2018) ja Usko Puustinen (1984) ovat SPTL:n kunniaj\u00e4seni\u00e4. My\u00f6s Teuvo Komulainen (2018) oli kunniaj\u00e4sen. ANSIOMERKKIS\u00c4\u00c4NN\u00d6T Suomen P\u00f6yt\u00e4tennisliitolla on kolme eri tasoista ansiomerkki\u00e4, joita &hellip; <a href=\"https:\/\/www.sptl.fi\/sptl_uudet\/?page_id=13307\" class=\"more-link\">Jatka lukemista <span class=\"screen-reader-text\">Ansiomerkit<\/span> <span class=\"meta-nav\">&rarr;<\/span><\/a><\/p>\n","protected":false},"author":7,"featured_media":0,"parent":1304,"menu_order":0,"comment_status":"closed","ping_status":"closed","template":"","meta":{"ngg_post_thumbnail":0,"footnotes":""},"class_list":["post-13307","page","type-page","status-publish","hentry"],"_links":{"self":[{"href":"https:\/\/www.sptl.fi\/sptl_uudet\/index.php?rest_route=\/wp\/v2\/pages\/13307","targetHints":{"allow":["GET"]}}],"collection":[{"href":"https:\/\/www.sptl.fi\/sptl_uudet\/index.php?rest_route=\/wp\/v2\/pages"}],"about":[{"href":"https:\/\/www.sptl.fi\/sptl_uudet\/index.php?rest_route=\/wp\/v2\/types\/page"}],"author":[{"embeddable":true,"href":"https:\/\/www.sptl.fi\/sptl_uudet\/index.php?rest_route=\/wp\/v2\/users\/7"}],"replies":[{"embeddable":true,"href":"https:\/\/www.sptl.fi\/sptl_uudet\/index.php?rest_route=%2Fwp%2Fv2%2Fcomments&post=13307"}],"version-history":[{"count":32,"href":"https:\/\/www.sptl.fi\/sptl_uudet\/index.php?rest_route=\/wp\/v2\/pages\/13307\/revisions"}],"predecessor-version":[{"id":64952,"href":"https:\/\/www.sptl.fi\/sptl_uudet\/index.php?rest_route=\/wp\/v2\/pages\/13307\/revisions\/64952"}],"up":[{"embeddable":true,"href":"https:\/\/www.sptl.fi\/sptl_uudet\/index.php?rest_route=\/wp\/v2\/pages\/1304"}],"wp:attachment":[{"href":"https:\/\/www.sptl.fi\/sptl_uudet\/index.php?rest_route=%2Fwp%2Fv2%2Fmedia&parent=13307"}],"curies":[{"name":"wp","href":"https:\/\/api.w.org\/{rel}","templated":true}]}}