{"id":17697,"date":"2019-06-03T17:02:07","date_gmt":"2019-06-03T14:02:07","guid":{"rendered":"http:\/\/www.sptl.fi\/sptl_uudet\/?page_id=17697"},"modified":"2025-09-30T18:12:28","modified_gmt":"2025-09-30T15:12:28","slug":"maajoukkuepara","status":"publish","type":"page","link":"https:\/\/www.sptl.fi\/sptl_uudet\/?page_id=17697","title":{"rendered":"Paramaajoukkue"},"content":{"rendered":"<h3><strong>Maajoukkueryhm\u00e4<\/strong><\/h3>\n<p><strong>Aino Tapola<\/strong><br \/>\nWega (Helsinki)<br \/>\ns. 1997<br \/>\nLuokka: 1-2<\/p>\n<p><img loading=\"lazy\" decoding=\"async\" class=\"alignnone wp-image-27001\" src=\"https:\/\/www.sptl.fi\/sptl_uudet\/wp-content\/uploads\/aino_pohjoisentahti.jpg\" sizes=\"auto, (max-width: 400px) 100vw, 400px\" srcset=\"https:\/\/www.sptl.fi\/sptl_uudet\/wp-content\/uploads\/aino_pohjoisentahti.jpg 1020w, https:\/\/www.sptl.fi\/sptl_uudet\/wp-content\/uploads\/aino_pohjoisentahti-300x172.jpg 300w\" alt=\"\" width=\"400\" height=\"230\"><\/p>\n<hr>\n<p><strong>Aaro M\u00e4kel\u00e4<\/strong><br \/>\nPT Espoo<br \/>\ns. 2004<br \/>\nLuokka: 6<\/p>\n<p><img loading=\"lazy\" decoding=\"async\" class=\"alignnone wp-image-30350\" src=\"https:\/\/www.sptl.fi\/sptl_uudet\/wp-content\/uploads\/Aaro.jpg\" sizes=\"auto, (max-width: 400px) 100vw, 400px\" srcset=\"https:\/\/www.sptl.fi\/sptl_uudet\/wp-content\/uploads\/Aaro.jpg 1000w, https:\/\/www.sptl.fi\/sptl_uudet\/wp-content\/uploads\/Aaro-300x198.jpg 300w\" alt=\"\" width=\"400\" height=\"264\"><\/p>\n<hr>\n<p><strong>Timo Natunen<\/strong><br \/>\nKuPts (Kuopio)<br \/>\ns. 1987<br \/>\nLuokka: 1<\/p>\n<p><img loading=\"lazy\" decoding=\"async\" class=\"alignnone wp-image-29045\" src=\"https:\/\/www.sptl.fi\/sptl_uudet\/wp-content\/uploads\/Timo-Natunen-1024x784.png\" sizes=\"auto, (max-width: 400px) 100vw, 400px\" srcset=\"https:\/\/www.sptl.fi\/sptl_uudet\/wp-content\/uploads\/Timo-Natunen-1024x784.png 1024w, https:\/\/www.sptl.fi\/sptl_uudet\/wp-content\/uploads\/Timo-Natunen-300x230.png 300w, https:\/\/www.sptl.fi\/sptl_uudet\/wp-content\/uploads\/Timo-Natunen.png 1271w\" alt=\"\" width=\"400\" height=\"306\"><\/p>\n<hr>\n<h3><strong>Valmentajat<\/strong><\/h3>\n<p><strong>Hannu Sihvo ja Martti Autio<\/strong><\/p>\n<p><img loading=\"lazy\" decoding=\"async\" class=\"alignnone wp-image-26961\" src=\"https:\/\/www.sptl.fi\/sptl_uudet\/wp-content\/uploads\/ainotapolavalmentajat-1024x680.jpg\" sizes=\"auto, (max-width: 400px) 100vw, 400px\" srcset=\"https:\/\/www.sptl.fi\/sptl_uudet\/wp-content\/uploads\/ainotapolavalmentajat-1024x680.jpg 1024w, https:\/\/www.sptl.fi\/sptl_uudet\/wp-content\/uploads\/ainotapolavalmentajat-300x199.jpg 300w, https:\/\/www.sptl.fi\/sptl_uudet\/wp-content\/uploads\/ainotapolavalmentajat-1536x1021.jpg 1536w, https:\/\/www.sptl.fi\/sptl_uudet\/wp-content\/uploads\/ainotapolavalmentajat.jpg 1651w\" alt=\"\" width=\"400\" height=\"266\"><\/p>\n<p><strong>Iivari Hartikainen<\/strong><\/p>\n<p><img loading=\"lazy\" decoding=\"async\" class=\"alignnone wp-image-37110\" src=\"https:\/\/www.sptl.fi\/sptl_uudet\/wp-content\/uploads\/Iivari-Hartikainen.png\" alt=\"\" width=\"400\" height=\"296\" srcset=\"https:\/\/www.sptl.fi\/sptl_uudet\/wp-content\/uploads\/Iivari-Hartikainen.png 727w, https:\/\/www.sptl.fi\/sptl_uudet\/wp-content\/uploads\/Iivari-Hartikainen-300x222.png 300w\" sizes=\"auto, (max-width: 400px) 100vw, 400px\" \/><\/p>\n<hr>\n<h3>Parap\u00f6yt\u00e4tenniksen s\u00e4\u00e4nn\u00f6t ja luokittelu<\/h3>\n<p><a href=\"https:\/\/www.paralympia.fi\/urheilu\/lajit\/poytatennis\/saannot-ja-luokittelu\" target=\"_blank\" rel=\"noopener\">https:\/\/www.paralympia.fi\/urheilu\/lajit\/poytatennis\/saannot-ja-luokittelu<\/a><\/p>\n<hr>\n<h3>ITTF:n ranking<\/h3>\n<p><a href=\"https:\/\/www.ipttc.org\/\" target=\"_blank\" rel=\"noopener\">https:\/\/www.ipttc.org\/<\/a><\/p>\n<p>&nbsp;<\/p>\n<hr>\n<h3><strong>Special Olympics ja VIRTUS -edustaja<\/strong><\/h3>\n<p><strong>Timo Averjanov<\/strong><br \/>\nTIP-70, Vantaa<br \/>\ns. 1993<\/p>\n<p><img loading=\"lazy\" decoding=\"async\" class=\"alignnone wp-image-62341\" src=\"https:\/\/www.sptl.fi\/sptl_uudet\/wp-content\/uploads\/Timo-Averjanov-ITTF-1.jpg\" alt=\"\" width=\"400\" height=\"267\" srcset=\"https:\/\/www.sptl.fi\/sptl_uudet\/wp-content\/uploads\/Timo-Averjanov-ITTF-1.jpg 1024w, https:\/\/www.sptl.fi\/sptl_uudet\/wp-content\/uploads\/Timo-Averjanov-ITTF-1-300x200.jpg 300w\" sizes=\"auto, (max-width: 400px) 100vw, 400px\" \/><\/p>\n<h3><strong>Valmentaja<\/strong><\/h3>\n<p><strong>Julius Muinonen <\/strong>(kuvassa oikealla)<\/p>\n<p><img loading=\"lazy\" decoding=\"async\" class=\"alignnone wp-image-62360\" src=\"https:\/\/www.sptl.fi\/sptl_uudet\/wp-content\/uploads\/IMG_50781-1.jpg\" alt=\"\" width=\"400\" height=\"267\" srcset=\"https:\/\/www.sptl.fi\/sptl_uudet\/wp-content\/uploads\/IMG_50781-1.jpg 2256w, https:\/\/www.sptl.fi\/sptl_uudet\/wp-content\/uploads\/IMG_50781-1-300x200.jpg 300w, https:\/\/www.sptl.fi\/sptl_uudet\/wp-content\/uploads\/IMG_50781-1-1024x683.jpg 1024w, https:\/\/www.sptl.fi\/sptl_uudet\/wp-content\/uploads\/IMG_50781-1-1536x1024.jpg 1536w, https:\/\/www.sptl.fi\/sptl_uudet\/wp-content\/uploads\/IMG_50781-1-2048x1365.jpg 2048w\" sizes=\"auto, (max-width: 400px) 100vw, 400px\" \/><\/p>\n<p>&nbsp;<\/p>\n","protected":false},"excerpt":{"rendered":"<p>Maajoukkueryhm\u00e4 Aino Tapola Wega (Helsinki) s. 1997 Luokka: 1-2 Aaro M\u00e4kel\u00e4 PT Espoo s. 2004 Luokka: 6 Timo Natunen KuPts (Kuopio) s. 1987 Luokka: 1 Valmentajat Hannu Sihvo ja Martti Autio Iivari Hartikainen Parap\u00f6yt\u00e4tenniksen s\u00e4\u00e4nn\u00f6t ja luokittelu https:\/\/www.paralympia.fi\/urheilu\/lajit\/poytatennis\/saannot-ja-luokittelu ITTF:n ranking https:\/\/www.ipttc.org\/ &nbsp; Special Olympics ja VIRTUS -edustaja Timo Averjanov TIP-70, Vantaa s. 1993 Valmentaja Julius &hellip; <a href=\"https:\/\/www.sptl.fi\/sptl_uudet\/?page_id=17697\" class=\"more-link\">Jatka lukemista <span class=\"screen-reader-text\">Paramaajoukkue<\/span> <span class=\"meta-nav\">&rarr;<\/span><\/a><\/p>\n","protected":false},"author":7,"featured_media":0,"parent":299,"menu_order":0,"comment_status":"closed","ping_status":"closed","template":"","meta":{"ngg_post_thumbnail":0,"footnotes":""},"class_list":["post-17697","page","type-page","status-publish","hentry"],"_links":{"self":[{"href":"https:\/\/www.sptl.fi\/sptl_uudet\/index.php?rest_route=\/wp\/v2\/pages\/17697","targetHints":{"allow":["GET"]}}],"collection":[{"href":"https:\/\/www.sptl.fi\/sptl_uudet\/index.php?rest_route=\/wp\/v2\/pages"}],"about":[{"href":"https:\/\/www.sptl.fi\/sptl_uudet\/index.php?rest_route=\/wp\/v2\/types\/page"}],"author":[{"embeddable":true,"href":"https:\/\/www.sptl.fi\/sptl_uudet\/index.php?rest_route=\/wp\/v2\/users\/7"}],"replies":[{"embeddable":true,"href":"https:\/\/www.sptl.fi\/sptl_uudet\/index.php?rest_route=%2Fwp%2Fv2%2Fcomments&post=17697"}],"version-history":[{"count":8,"href":"https:\/\/www.sptl.fi\/sptl_uudet\/index.php?rest_route=\/wp\/v2\/pages\/17697\/revisions"}],"predecessor-version":[{"id":62370,"href":"https:\/\/www.sptl.fi\/sptl_uudet\/index.php?rest_route=\/wp\/v2\/pages\/17697\/revisions\/62370"}],"up":[{"embeddable":true,"href":"https:\/\/www.sptl.fi\/sptl_uudet\/index.php?rest_route=\/wp\/v2\/pages\/299"}],"wp:attachment":[{"href":"https:\/\/www.sptl.fi\/sptl_uudet\/index.php?rest_route=%2Fwp%2Fv2%2Fmedia&parent=17697"}],"curies":[{"name":"wp","href":"https:\/\/api.w.org\/{rel}","templated":true}]}}

<h3><strong>Maajoukkueryhmä</strong></h3>
<p><strong>Aino Tapola</strong><br />
Wega (Helsinki)<br />
s. 1997<br />
Luokka: 1-2</p>
<p><img loading="lazy" decoding="async" class="alignnone wp-image-27001" src="https://www.sptl.fi/sptl_uudet/wp-content/uploads/aino_pohjoisentahti.jpg" sizes="auto, (max-width: 400px) 100vw, 400px" srcset="https://www.sptl.fi/sptl_uudet/wp-content/uploads/aino_pohjoisentahti.jpg 1020w, https://www.sptl.fi/sptl_uudet/wp-content/uploads/aino_pohjoisentahti-300x172.jpg 300w" alt="" width="400" height="230"></p>
<hr>
<p><strong>Aaro Mäkelä</strong><br />
PT Espoo<br />
s. 2004<br />
Luokka: 6</p>
<p><img loading="lazy" decoding="async" class="alignnone wp-image-30350" src="https://www.sptl.fi/sptl_uudet/wp-content/uploads/Aaro.jpg" sizes="auto, (max-width: 400px) 100vw, 400px" srcset="https://www.sptl.fi/sptl_uudet/wp-content/uploads/Aaro.jpg 1000w, https://www.sptl.fi/sptl_uudet/wp-content/uploads/Aaro-300x198.jpg 300w" alt="" width="400" height="264"></p>
<hr>
<p><strong>Timo Natunen</strong><br />
KuPts (Kuopio)<br />
s. 1987<br />
Luokka: 1</p>
<p><img loading="lazy" decoding="async" class="alignnone wp-image-29045" src="https://www.sptl.fi/sptl_uudet/wp-content/uploads/Timo-Natunen-1024x784.png" sizes="auto, (max-width: 400px) 100vw, 400px" srcset="https://www.sptl.fi/sptl_uudet/wp-content/uploads/Timo-Natunen-1024x784.png 1024w, https://www.sptl.fi/sptl_uudet/wp-content/uploads/Timo-Natunen-300x230.png 300w, https://www.sptl.fi/sptl_uudet/wp-content/uploads/Timo-Natunen.png 1271w" alt="" width="400" height="306"></p>
<hr>
<h3><strong>Valmentajat</strong></h3>
<p><strong>Hannu Sihvo ja Martti Autio</strong></p>
<p><img loading="lazy" decoding="async" class="alignnone wp-image-26961" src="https://www.sptl.fi/sptl_uudet/wp-content/uploads/ainotapolavalmentajat-1024x680.jpg" sizes="auto, (max-width: 400px) 100vw, 400px" srcset="https://www.sptl.fi/sptl_uudet/wp-content/uploads/ainotapolavalmentajat-1024x680.jpg 1024w, https://www.sptl.fi/sptl_uudet/wp-content/uploads/ainotapolavalmentajat-300x199.jpg 300w, https://www.sptl.fi/sptl_uudet/wp-content/uploads/ainotapolavalmentajat-1536x1021.jpg 1536w, https://www.sptl.fi/sptl_uudet/wp-content/uploads/ainotapolavalmentajat.jpg 1651w" alt="" width="400" height="266"></p>
<p><strong>Iivari Hartikainen</strong></p>
<p><img loading="lazy" decoding="async" class="alignnone wp-image-37110" src="https://www.sptl.fi/sptl_uudet/wp-content/uploads/Iivari-Hartikainen.png" alt="" width="400" height="296" srcset="https://www.sptl.fi/sptl_uudet/wp-content/uploads/Iivari-Hartikainen.png 727w, https://www.sptl.fi/sptl_uudet/wp-content/uploads/Iivari-Hartikainen-300x222.png 300w" sizes="auto, (max-width: 400px) 100vw, 400px" /></p>
<hr>
<h3>Parapöytätenniksen säännöt ja luokittelu</h3>
<p><a href="https://www.paralympia.fi/urheilu/lajit/poytatennis/saannot-ja-luokittelu" target="_blank" rel="noopener">https://www.paralympia.fi/urheilu/lajit/poytatennis/saannot-ja-luokittelu</a></p>
<hr>
<h3>ITTF:n ranking</h3>
<p><a href="https://www.ipttc.org/" target="_blank" rel="noopener">https://www.ipttc.org/</a></p>
<p>&nbsp;</p>
<hr>
<h3><strong>Special Olympics ja VIRTUS -edustaja</strong></h3>
<p><strong>Timo Averjanov</strong><br />
TIP-70, Vantaa<br />
s. 1993</p>
<p><img loading="lazy" decoding="async" class="alignnone wp-image-62341" src="https://www.sptl.fi/sptl_uudet/wp-content/uploads/Timo-Averjanov-ITTF-1.jpg" alt="" width="400" height="267" srcset="https://www.sptl.fi/sptl_uudet/wp-content/uploads/Timo-Averjanov-ITTF-1.jpg 1024w, https://www.sptl.fi/sptl_uudet/wp-content/uploads/Timo-Averjanov-ITTF-1-300x200.jpg 300w" sizes="auto, (max-width: 400px) 100vw, 400px" /></p>
<h3><strong>Valmentaja</strong></h3>
<p><strong>Julius Muinonen </strong>(kuvassa oikealla)</p>
<p><img loading="lazy" decoding="async" class="alignnone wp-image-62360" src="https://www.sptl.fi/sptl_uudet/wp-content/uploads/IMG_50781-1.jpg" alt="" width="400" height="267" srcset="https://www.sptl.fi/sptl_uudet/wp-content/uploads/IMG_50781-1.jpg 2256w, https://www.sptl.fi/sptl_uudet/wp-content/uploads/IMG_50781-1-300x200.jpg 300w, https://www.sptl.fi/sptl_uudet/wp-content/uploads/IMG_50781-1-1024x683.jpg 1024w, https://www.sptl.fi/sptl_uudet/wp-content/uploads/IMG_50781-1-1536x1024.jpg 1536w, https://www.sptl.fi/sptl_uudet/wp-content/uploads/IMG_50781-1-2048x1365.jpg 2048w" sizes="auto, (max-width: 400px) 100vw, 400px" /></p>
<p>&nbsp;</p>

<p>Maajoukkueryhmä Aino Tapola Wega (Helsinki) s. 1997 Luokka: 1-2 Aaro Mäkelä PT Espoo s. 2004 Luokka: 6 Timo Natunen KuPts (Kuopio) s. 1987 Luokka: 1 Valmentajat Hannu Sihvo ja Martti Autio Iivari Hartikainen Parapöytätenniksen säännöt ja luokittelu https://www.paralympia.fi/urheilu/lajit/poytatennis/saannot-ja-luokittelu ITTF:n ranking https://www.ipttc.org/ &nbsp; Special Olympics ja VIRTUS -edustaja Timo Averjanov TIP-70, Vantaa s. 1993 Valmentaja Julius &hellip; <a href="https://www.sptl.fi/sptl_uudet/?page_id=17697" class="more-link">Jatka lukemista <span class="screen-reader-text">Paramaajoukkue</span> <span class="meta-nav">&rarr;</span></a></p>
