{"id":22533,"date":"2020-03-31T10:54:32","date_gmt":"2020-03-31T07:54:32","guid":{"rendered":"http:\/\/www.sptl.fi\/sptl_uudet\/?page_id=22533"},"modified":"2026-01-13T08:37:53","modified_gmt":"2026-01-13T06:37:53","slug":"tahtiseura","status":"publish","type":"page","link":"https:\/\/www.sptl.fi\/sptl_uudet\/?page_id=22533","title":{"rendered":"T\u00e4htiseura"},"content":{"rendered":"<p><img loading=\"lazy\" decoding=\"async\" class=\"alignnone wp-image-22536\" src=\"http:\/\/www.sptl.fi\/sptl_uudet\/wp-content\/uploads\/T\u00e4htimerkki-266x300.jpg\" alt=\"\" width=\"146\" height=\"164\" srcset=\"https:\/\/www.sptl.fi\/sptl_uudet\/wp-content\/uploads\/T\u00e4htimerkki-266x300.jpg 266w, https:\/\/www.sptl.fi\/sptl_uudet\/wp-content\/uploads\/T\u00e4htimerkki.jpg 310w\" sizes=\"auto, (max-width: 146px) 100vw, 146px\" \/><\/p>\n<p><strong>T\u00e4htiseura-ohjelma<\/strong><\/p>\n<p>T\u00e4htiseura-ohjelma on Suomen Olympiakomitean hallinnoima seuratoiminnan laatuohjelma, jonka tavoitteena on kehitt\u00e4\u00e4 ja tukea suomalaista seuratoimintaa. Toiminnan tunnuksena toimii T\u00e4htimerkki, joka kertoo, ett\u00e4 seura on kehittynyt tasolle, jossa seuratoimintaohjelmassa m\u00e4\u00e4ritellyt laatutekij\u00e4t toteutuvat.<\/p>\n<p>T\u00e4htiseura-statuksen edut seuralle ovat monipuoliset. Ohjelman suorittaneet seurat saavat k\u00e4ytt\u00e4\u00e4 viestinn\u00e4ss\u00e4\u00e4n T\u00e4htimerkki\u00e4, joka kertoo esimerkiksi potentiaalisille harrastajille ja yhteisty\u00f6kumppaneille laadukkaasta seuratoiminnasta. Seurojen k\u00e4ytt\u00f6\u00f6n tulee my\u00f6s apumateriaalia ja koulutuksia esimerkiksi seurakehitykseen ja viestint\u00e4\u00e4n liittyen. Joissain Suomen kunnissa T\u00e4htiseura-status vaikuttaa kuntien my\u00f6nt\u00e4miin seuratukiin, joten tarjolla on my\u00f6s suoraa rahallista hy\u00f6ty\u00e4.<\/p>\n<p>Pelk\u00e4ll\u00e4 ilmoittautumisella ei T\u00e4htiseuraksi p\u00e4\u00e4se, vaan prosessi vaatii seuralta oman toiminnan perkaamista ja mahdollisten puutteiden korjaamista. Seura k\u00e4y omaa toimintaansa l\u00e4pi Olympiakomitean rakentaman nettiportaalin avulla, jossa seuratoiminta on jaettu nelj\u00e4\u00e4n osaan: johtaminen ja hallinto, urheilutoiminta, seuran ihmiset ja aineelliset resurssit. Seura vastaa portaalissa esitettyihin kysymyksiin ja luo tarvittavat dokumentit.<\/p>\n<p><strong>Lue lis\u00e4\u00e4 Olympiakomitean sivuilta:<\/strong> <a href=\"https:\/\/www.olympiakomitea.fi\/seuratoiminta\/tahtiseurat\/\">T\u00c4HTISEURA \u2013 SEUROJEN LAATUOHJELMA<\/a><\/p>\n<p><strong>Lis\u00e4tiedot ja T\u00e4htiseura-sparraus:<br \/>\n<\/strong>Henri Pelkonen<br \/>\nToiminnanjohtaja&nbsp;<br \/>\n040 537 1449, henri.pelkonen@sptl.fi<\/p>\n","protected":false},"excerpt":{"rendered":"<p>T\u00e4htiseura-ohjelma T\u00e4htiseura-ohjelma on Suomen Olympiakomitean hallinnoima seuratoiminnan laatuohjelma, jonka tavoitteena on kehitt\u00e4\u00e4 ja tukea suomalaista seuratoimintaa. Toiminnan tunnuksena toimii T\u00e4htimerkki, joka kertoo, ett\u00e4 seura on kehittynyt tasolle, jossa seuratoimintaohjelmassa m\u00e4\u00e4ritellyt laatutekij\u00e4t toteutuvat. T\u00e4htiseura-statuksen edut seuralle ovat monipuoliset. Ohjelman suorittaneet seurat saavat k\u00e4ytt\u00e4\u00e4 viestinn\u00e4ss\u00e4\u00e4n T\u00e4htimerkki\u00e4, joka kertoo esimerkiksi potentiaalisille harrastajille ja yhteisty\u00f6kumppaneille laadukkaasta seuratoiminnasta. Seurojen k\u00e4ytt\u00f6\u00f6n &hellip; <a href=\"https:\/\/www.sptl.fi\/sptl_uudet\/?page_id=22533\" class=\"more-link\">Jatka lukemista <span class=\"screen-reader-text\">T\u00e4htiseura<\/span> <span class=\"meta-nav\">&rarr;<\/span><\/a><\/p>\n","protected":false},"author":7,"featured_media":0,"parent":22511,"menu_order":0,"comment_status":"closed","ping_status":"closed","template":"","meta":{"ngg_post_thumbnail":0,"footnotes":""},"class_list":["post-22533","page","type-page","status-publish","hentry"],"_links":{"self":[{"href":"https:\/\/www.sptl.fi\/sptl_uudet\/index.php?rest_route=\/wp\/v2\/pages\/22533","targetHints":{"allow":["GET"]}}],"collection":[{"href":"https:\/\/www.sptl.fi\/sptl_uudet\/index.php?rest_route=\/wp\/v2\/pages"}],"about":[{"href":"https:\/\/www.sptl.fi\/sptl_uudet\/index.php?rest_route=\/wp\/v2\/types\/page"}],"author":[{"embeddable":true,"href":"https:\/\/www.sptl.fi\/sptl_uudet\/index.php?rest_route=\/wp\/v2\/users\/7"}],"replies":[{"embeddable":true,"href":"https:\/\/www.sptl.fi\/sptl_uudet\/index.php?rest_route=%2Fwp%2Fv2%2Fcomments&post=22533"}],"version-history":[{"count":7,"href":"https:\/\/www.sptl.fi\/sptl_uudet\/index.php?rest_route=\/wp\/v2\/pages\/22533\/revisions"}],"predecessor-version":[{"id":64469,"href":"https:\/\/www.sptl.fi\/sptl_uudet\/index.php?rest_route=\/wp\/v2\/pages\/22533\/revisions\/64469"}],"up":[{"embeddable":true,"href":"https:\/\/www.sptl.fi\/sptl_uudet\/index.php?rest_route=\/wp\/v2\/pages\/22511"}],"wp:attachment":[{"href":"https:\/\/www.sptl.fi\/sptl_uudet\/index.php?rest_route=%2Fwp%2Fv2%2Fmedia&parent=22533"}],"curies":[{"name":"wp","href":"https:\/\/api.w.org\/{rel}","templated":true}]}}