{"id":54914,"date":"2024-11-12T01:20:48","date_gmt":"2024-11-11T23:20:48","guid":{"rendered":"https:\/\/www.sptl.fi\/sptl_uudet\/?page_id=54914"},"modified":"2025-06-10T10:48:57","modified_gmt":"2025-06-10T07:48:57","slug":"kurinpitosaannot","status":"publish","type":"page","link":"https:\/\/www.sptl.fi\/sptl_uudet\/?page_id=54914","title":{"rendered":"Kurinpitos\u00e4\u00e4nn\u00f6t"},"content":{"rendered":"<p>SPTL:n kev\u00e4tkokous hyv\u00e4ksyi 28.4.2025 P\u00f6yt\u00e4tennisliiton kurinpitos\u00e4\u00e4nn\u00f6t.<\/p>\n<p><a href=\"https:\/\/www.sptl.fi\/sptl_uudet\/wp-content\/uploads\/Kurinpitosaannot-SPTL.pdf\"><strong>Kurinpitos\u00e4\u00e4nn\u00f6t<\/strong><\/a><\/p>\n<p>Kurinpitos\u00e4\u00e4nn\u00f6iss\u00e4 m\u00e4\u00e4r\u00e4t\u00e4\u00e4n seuraavista asioista:<\/p>\n<ul>\n<li>Soveltamisala<\/li>\n<li>Kurinpitos\u00e4\u00e4nt\u00f6jen alainen toiminta<\/li>\n<li>Rangaistavat teot<\/li>\n<li>Vanhentuminen<\/li>\n<li>Rangaistukset<\/li>\n<li>Rangaistuksista p\u00e4\u00e4tt\u00e4v\u00e4t tahot<\/li>\n<li>Kurinpitomenettelyn aloittaminen<\/li>\n<li>Sovittelu<\/li>\n<li>V\u00e4liaikainen kilpailu- ja toimitsijakielto<\/li>\n<li>Asian k\u00e4sittely<\/li>\n<li>P\u00e4\u00e4t\u00f6s<\/li>\n<li>Valitusoikeus<\/li>\n<li>Muut asiat<\/li>\n<\/ul>\n","protected":false},"excerpt":{"rendered":"<p>SPTL:n kev\u00e4tkokous hyv\u00e4ksyi 28.4.2025 P\u00f6yt\u00e4tennisliiton kurinpitos\u00e4\u00e4nn\u00f6t. Kurinpitos\u00e4\u00e4nn\u00f6t Kurinpitos\u00e4\u00e4nn\u00f6iss\u00e4 m\u00e4\u00e4r\u00e4t\u00e4\u00e4n seuraavista asioista: Soveltamisala Kurinpitos\u00e4\u00e4nt\u00f6jen alainen toiminta Rangaistavat teot Vanhentuminen Rangaistukset Rangaistuksista p\u00e4\u00e4tt\u00e4v\u00e4t tahot Kurinpitomenettelyn aloittaminen Sovittelu V\u00e4liaikainen kilpailu- ja toimitsijakielto Asian k\u00e4sittely P\u00e4\u00e4t\u00f6s Valitusoikeus Muut asiat<\/p>\n","protected":false},"author":59,"featured_media":0,"parent":1251,"menu_order":0,"comment_status":"closed","ping_status":"closed","template":"","meta":{"ngg_post_thumbnail":0,"footnotes":""},"class_list":["post-54914","page","type-page","status-publish","hentry"],"_links":{"self":[{"href":"https:\/\/www.sptl.fi\/sptl_uudet\/index.php?rest_route=\/wp\/v2\/pages\/54914","targetHints":{"allow":["GET"]}}],"collection":[{"href":"https:\/\/www.sptl.fi\/sptl_uudet\/index.php?rest_route=\/wp\/v2\/pages"}],"about":[{"href":"https:\/\/www.sptl.fi\/sptl_uudet\/index.php?rest_route=\/wp\/v2\/types\/page"}],"author":[{"embeddable":true,"href":"https:\/\/www.sptl.fi\/sptl_uudet\/index.php?rest_route=\/wp\/v2\/users\/59"}],"replies":[{"embeddable":true,"href":"https:\/\/www.sptl.fi\/sptl_uudet\/index.php?rest_route=%2Fwp%2Fv2%2Fcomments&post=54914"}],"version-history":[{"count":4,"href":"https:\/\/www.sptl.fi\/sptl_uudet\/index.php?rest_route=\/wp\/v2\/pages\/54914\/revisions"}],"predecessor-version":[{"id":60458,"href":"https:\/\/www.sptl.fi\/sptl_uudet\/index.php?rest_route=\/wp\/v2\/pages\/54914\/revisions\/60458"}],"up":[{"embeddable":true,"href":"https:\/\/www.sptl.fi\/sptl_uudet\/index.php?rest_route=\/wp\/v2\/pages\/1251"}],"wp:attachment":[{"href":"https:\/\/www.sptl.fi\/sptl_uudet\/index.php?rest_route=%2Fwp%2Fv2%2Fmedia&parent=54914"}],"curies":[{"name":"wp","href":"https:\/\/api.w.org\/{rel}","templated":true}]}}